Last updated on 2025-10-28 02:50:40 CET.
| Flavor | Version | Tinstall | Tcheck | Ttotal | Status | Flags | 
|---|---|---|---|---|---|---|
| r-devel-linux-x86_64-debian-clang | 0.1.0 | 8.14 | 117.37 | 125.51 | NOTE | |
| r-devel-linux-x86_64-debian-gcc | 0.1.0 | 6.55 | 92.70 | 99.25 | NOTE | |
| r-devel-linux-x86_64-fedora-clang | 0.1.0 | 17.00 | 148.81 | 165.81 | OK | |
| r-devel-linux-x86_64-fedora-gcc | 0.1.0 | 18.00 | 132.26 | 150.26 | OK | |
| r-devel-windows-x86_64 | 0.1.0 | 10.00 | 87.00 | 97.00 | NOTE | |
| r-patched-linux-x86_64 | 0.1.0 | 7.51 | 95.99 | 103.50 | NOTE | |
| r-release-linux-x86_64 | 0.1.0 | 7.10 | 96.39 | 103.49 | NOTE | |
| r-release-macos-arm64 | 0.1.0 | 4.00 | 45.00 | 49.00 | OK | |
| r-release-macos-x86_64 | 0.1.0 | 7.00 | 83.00 | 90.00 | OK | |
| r-release-windows-x86_64 | 0.1.0 | 9.00 | 95.00 | 104.00 | NOTE | |
| r-oldrel-macos-arm64 | 0.1.0 | 3.00 | 38.00 | 41.00 | OK | |
| r-oldrel-macos-x86_64 | 0.1.0 | 5.00 | 60.00 | 65.00 | OK | |
| r-oldrel-windows-x86_64 | 0.1.0 | 12.00 | 112.00 | 124.00 | OK | 
Version: 0.1.0
Check: Rd cross-references
Result: NOTE
  Found the following Rd file(s) with Rd \link{} targets missing package
  anchors:
    addNoiseAtEventTimes.Rd: data.table
    makeContWeights.Rd: data.table
    weightPredict.Rd: data.table
  Please provide package anchors for all Rd \link{} targets not in the
  package itself and the base packages.
Flavors: r-devel-linux-x86_64-debian-clang, r-devel-linux-x86_64-debian-gcc, r-devel-windows-x86_64, r-patched-linux-x86_64, r-release-linux-x86_64, r-release-windows-x86_64