Last updated on 2025-11-20 02:49:08 CET.
| Flavor | Version | Tinstall | Tcheck | Ttotal | Status | Flags |
|---|---|---|---|---|---|---|
| r-devel-linux-x86_64-debian-clang | 0.1.2 | 20.80 | 166.62 | 187.42 | OK | |
| r-devel-linux-x86_64-debian-gcc | 0.1.2 | 14.10 | 123.01 | 137.11 | OK | |
| r-devel-linux-x86_64-fedora-clang | 0.1.2 | 41.00 | 247.61 | 288.61 | OK | |
| r-devel-linux-x86_64-fedora-gcc | 0.1.2 | 37.00 | 234.64 | 271.64 | OK | |
| r-devel-windows-x86_64 | 0.1.2 | 23.00 | 136.00 | 159.00 | OK | |
| r-patched-linux-x86_64 | 0.1.2 | 16.24 | 160.09 | 176.33 | OK | |
| r-release-linux-x86_64 | 0.1.2 | 19.69 | 159.27 | 178.96 | OK | |
| r-release-macos-arm64 | 0.1.2 | 40.00 | ERROR | |||
| r-release-macos-x86_64 | 0.1.2 | 19.00 | 130.00 | 149.00 | OK | |
| r-release-windows-x86_64 | 0.1.2 | 21.00 | 138.00 | 159.00 | OK | |
| r-oldrel-macos-arm64 | 0.1.2 | NOTE | ||||
| r-oldrel-macos-x86_64 | 0.1.2 | 15.00 | 103.00 | 118.00 | NOTE | |
| r-oldrel-windows-x86_64 | 0.1.2 | 27.00 | 189.00 | 216.00 | NOTE |
Version: 0.1.2
Check: package dependencies
Result: ERROR
Package required but not available: ‘org.Hs.eg.db’
See section ‘The DESCRIPTION file’ in the ‘Writing R Extensions’
manual.
Flavor: r-release-macos-arm64
Version: 0.1.2
Check: LazyData
Result: NOTE
'LazyData' is specified without a 'data' directory
Flavors: r-oldrel-macos-arm64, r-oldrel-macos-x86_64, r-oldrel-windows-x86_64