Last updated on 2025-11-20 02:49:08 CET.
| Flavor | Version | Tinstall | Tcheck | Ttotal | Status | Flags |
|---|---|---|---|---|---|---|
| r-devel-linux-x86_64-debian-gcc | 0.1.1 | 3.07 | 108.84 | 111.91 | OK | |
| r-devel-linux-x86_64-fedora-clang | 0.1.1 | 259.46 | OK | |||
| r-devel-linux-x86_64-fedora-gcc | 0.1.1 | 263.53 | OK | |||
| r-patched-linux-x86_64 | 0.1.0 | 4.82 | 155.34 | 160.16 | OK | |
| r-release-macos-arm64 | 0.1.0 | 1.00 | 48.00 | 49.00 | OK | |
| r-release-macos-x86_64 | 0.1.1 | 4.00 | 220.00 | 224.00 | OK | |
| r-oldrel-macos-arm64 | 0.1.0 | 1.00 | 49.00 | 50.00 | NOTE | |
| r-oldrel-macos-x86_64 | 0.1.1 | 7.00 | 220.00 | 227.00 | OK |
Version: 0.1.0
Check: installed package size
Result: NOTE
installed size is 7.3Mb
sub-directories of 1Mb or more:
doc 2.9Mb
help 4.2Mb
Flavor: r-oldrel-macos-arm64