Last updated on 2025-11-19 01:48:40 CET.
| Flavor | Version | Tinstall | Tcheck | Ttotal | Status | Flags |
|---|---|---|---|---|---|---|
| r-devel-linux-x86_64-debian-clang | 0.0.18 | 2.66 | 199.92 | 202.58 | OK | |
| r-devel-linux-x86_64-debian-gcc | 0.0.18 | 1.99 | 154.38 | 156.37 | OK | |
| r-devel-linux-x86_64-fedora-clang | 0.0.18 | 42.00 | 276.83 | 318.83 | OK | |
| r-devel-linux-x86_64-fedora-gcc | 0.0.18 | 17.00 | 341.98 | 358.98 | OK | |
| r-devel-windows-x86_64 | 0.0.18 | 5.00 | 239.00 | 244.00 | OK | |
| r-patched-linux-x86_64 | 0.0.18 | 2.70 | 193.12 | 195.82 | OK | |
| r-release-linux-x86_64 | 0.0.18 | 2.70 | 195.24 | 197.94 | OK | |
| r-release-macos-arm64 | 0.0.18 | 2.00 | 131.00 | 133.00 | OK | |
| r-release-macos-x86_64 | 0.0.18 | 3.00 | 239.00 | 242.00 | OK | |
| r-release-windows-x86_64 | 0.0.18 | 4.00 | 236.00 | 240.00 | OK | |
| r-oldrel-macos-arm64 | 0.0.18 | 1.00 | 111.00 | 112.00 | OK | |
| r-oldrel-macos-x86_64 | 0.0.18 | 2.00 | 203.00 | 205.00 | NOTE | |
| r-oldrel-windows-x86_64 | 0.0.18 | 5.00 | 310.00 | 315.00 | OK |
Version: 0.0.18
Check: package dependencies
Result: NOTE
Package suggested but not available for checking: ‘arrow’
Flavor: r-oldrel-macos-x86_64
Version: 0.0.18
Check: Rd cross-references
Result: NOTE
Package unavailable to check Rd xrefs: ‘arrow’
Flavor: r-oldrel-macos-x86_64