CRAN Package Check Results for Package assertr

Last updated on 2025-10-22 01:51:18 CEST.

Flavor Version Tinstall Tcheck Ttotal Status Flags
r-devel-linux-x86_64-debian-clang 3.0.1 2.75 46.37 49.12 NOTE
r-devel-linux-x86_64-debian-gcc 3.0.1 2.06 34.34 36.40 NOTE
r-devel-linux-x86_64-fedora-clang 3.0.1 71.97 OK
r-devel-linux-x86_64-fedora-gcc 3.0.1 82.80 OK
r-devel-windows-x86_64 3.0.1 5.00 66.00 71.00 OK
r-patched-linux-x86_64 3.0.1 3.37 42.62 45.99 OK
r-release-linux-x86_64 3.0.1 2.61 41.39 44.00 OK
r-release-macos-arm64 3.0.1 2.00 47.00 49.00 OK
r-release-macos-x86_64 3.0.1 2.00 62.00 64.00 OK
r-release-windows-x86_64 3.0.1 6.00 69.00 75.00 OK
r-oldrel-macos-arm64 3.0.1 2.00 30.00 32.00 OK
r-oldrel-macos-x86_64 3.0.1 2.00 60.00 62.00 OK
r-oldrel-windows-x86_64 3.0.1 6.00 77.00 83.00 OK

Check Details

Version: 3.0.1
Check: HTML version of manual
Result: NOTE Found the following HTML validation problems: print.assertr_defect.html:52:1 (print.assertr_defect.Rd:12): Warning: missing </ul> before </div> print.assertr_success.html:52:1 (print.assertr_success.Rd:12): Warning: missing </ul> before </div> success_and_error_functions.html:202:1 (success_and_error_functions.Rd:65): Warning: missing </ul> before </div> Flavors: r-devel-linux-x86_64-debian-clang, r-devel-linux-x86_64-debian-gcc