Last updated on 2025-11-01 01:50:26 CET.
| Flavor | Version | Tinstall | Tcheck | Ttotal | Status | Flags |
|---|---|---|---|---|---|---|
| r-devel-linux-x86_64-debian-clang | 1.0.3 | 56.40 | 443.54 | 499.94 | OK | |
| r-devel-linux-x86_64-debian-gcc | 1.0.3 | 45.00 | 328.58 | 373.58 | OK | |
| r-devel-linux-x86_64-fedora-clang | 1.0.3 | 311.00 | 544.60 | 855.60 | OK | |
| r-devel-linux-x86_64-fedora-gcc | 1.0.3 | 441.00 | 395.93 | 836.93 | OK | |
| r-devel-windows-x86_64 | 1.0.3 | 61.00 | 381.00 | 442.00 | OK | |
| r-patched-linux-x86_64 | 1.0.3 | 0.37 | 1.92 | 2.29 | ERROR | |
| r-release-linux-x86_64 | 1.0.3 | 56.27 | 423.93 | 480.20 | OK | |
| r-release-macos-arm64 | 1.0.3 | 37.00 | 188.00 | 225.00 | OK | |
| r-release-macos-x86_64 | 1.0.3 | 59.00 | 348.00 | 407.00 | OK | |
| r-release-windows-x86_64 | 1.0.3 | 66.00 | 375.00 | 441.00 | OK | |
| r-oldrel-macos-arm64 | 1.0.3 | 35.00 | 194.00 | 229.00 | OK | |
| r-oldrel-macos-x86_64 | 1.0.3 | 63.00 | 333.00 | 396.00 | OK | |
| r-oldrel-windows-x86_64 | 1.0.3 | 79.00 | 523.00 | 602.00 | OK |
Version: 1.0.3
Check: package dependencies
Result: ERROR
Packages required but not available:
'DESeq2', 'GSVA', 'SummarizedExperiment'
See section ‘The DESCRIPTION file’ in the ‘Writing R Extensions’
manual.
Flavor: r-patched-linux-x86_64