Last updated on 2025-10-21 01:48:25 CEST.
Flavor | Version | Tinstall | Tcheck | Ttotal | Status | Flags |
---|---|---|---|---|---|---|
r-devel-linux-x86_64-debian-clang | 0.0.9 | 2.94 | 53.57 | 56.51 | OK | |
r-devel-linux-x86_64-debian-gcc | 0.0.9 | 2.03 | 40.01 | 42.04 | NOTE | |
r-devel-linux-x86_64-fedora-clang | 0.0.9 | 89.44 | OK | |||
r-devel-linux-x86_64-fedora-gcc | 0.0.9 | 96.71 | OK | |||
r-devel-windows-x86_64 | 0.0.9 | 5.00 | 74.00 | 79.00 | OK | |
r-patched-linux-x86_64 | 0.0.9 | 3.24 | 51.55 | 54.79 | OK | |
r-release-linux-x86_64 | 0.0.9 | 3.11 | 51.72 | 54.83 | OK | |
r-release-macos-arm64 | 0.0.9 | 34.00 | OK | |||
r-release-macos-x86_64 | 0.0.9 | 66.00 | OK | |||
r-release-windows-x86_64 | 0.0.9 | 5.00 | 76.00 | 81.00 | OK | |
r-oldrel-macos-arm64 | 0.0.9 | 42.00 | OK | |||
r-oldrel-macos-x86_64 | 0.0.9 | 47.00 | OK | |||
r-oldrel-windows-x86_64 | 0.0.9 | 7.00 | 87.00 | 94.00 | OK |
Version: 0.0.9
Check: HTML version of manual
Result: NOTE
Found the following HTML validation problems:
autonewsmd.html:191:1 (autonewsmd.Rd:314): Warning: <h5> anchor "Usage" already defined
autonewsmd.html:207:1 (autonewsmd.Rd:325): Warning: <h5> anchor "Returns" already defined
autonewsmd.html:214:1 (autonewsmd.Rd:328): Warning: <h5> anchor "Examples" already defined
autonewsmd.html:274:1 (autonewsmd.Rd:383): Warning: <h5> anchor "Usage" already defined
autonewsmd.html:280:1 (autonewsmd.Rd:387): Warning: <h5> anchor "Arguments" already defined
autonewsmd.html:299:1 (autonewsmd.Rd:400): Warning: <h5> anchor "Details" already defined
autonewsmd.html:308:1 (autonewsmd.Rd:406): Warning: <h5> anchor "Returns" already defined
autonewsmd.html:316:1 (autonewsmd.Rd:410): Warning: <h5> anchor "Examples" already defined
autonewsmd.html:379:1 (autonewsmd.Rd:468): Warning: <h5> anchor "Usage" already defined
autonewsmd.html:385:1 (autonewsmd.Rd:472): Warning: <h5> anchor "Arguments" already defined
Flavor: r-devel-linux-x86_64-debian-gcc