Last updated on 2025-11-20 02:49:09 CET.
| Flavor | Version | Tinstall | Tcheck | Ttotal | Status | Flags |
|---|---|---|---|---|---|---|
| r-devel-linux-x86_64-debian-clang | 0.2.0 | 1.85 | 22.08 | 23.93 | NOTE | |
| r-devel-linux-x86_64-debian-gcc | 0.2.0 | 1.54 | 18.96 | 20.50 | NOTE | |
| r-devel-linux-x86_64-fedora-clang | 0.2.0 | 30.83 | OK | |||
| r-devel-linux-x86_64-fedora-gcc | 0.2.0 | 31.24 | OK | |||
| r-devel-windows-x86_64 | 0.2.0 | 6.00 | 51.00 | 57.00 | OK | |
| r-patched-linux-x86_64 | 0.2.0 | 1.82 | 19.86 | 21.68 | OK | |
| r-release-linux-x86_64 | 0.2.0 | 1.77 | 19.86 | 21.63 | OK | |
| r-release-macos-arm64 | 0.2.0 | OK | ||||
| r-release-macos-x86_64 | 0.2.0 | 4.00 | 27.00 | 31.00 | OK | |
| r-release-windows-x86_64 | 0.2.0 | 5.00 | 49.00 | 54.00 | OK | |
| r-oldrel-macos-arm64 | 0.2.0 | OK | ||||
| r-oldrel-macos-x86_64 | 0.2.0 | 3.00 | 22.00 | 25.00 | OK | |
| r-oldrel-windows-x86_64 | 0.2.0 | 5.00 | 51.00 | 56.00 | OK |
Version: 0.2.0
Check: CRAN incoming feasibility
Result: NOTE
Maintainer: ‘Jonathan Stott <jonathan.stott@magairports.com>’
Package CITATION file contains call(s) to old-style personList() or
as.personList(). Please use c() on person objects instead.
Package CITATION file contains call(s) to old-style citEntry(). Please
use bibentry() instead.
Flavors: r-devel-linux-x86_64-debian-clang, r-devel-linux-x86_64-debian-gcc