Last updated on 2025-11-24 02:49:56 CET.
| Flavor | Version | Tinstall | Tcheck | Ttotal | Status | Flags |
|---|---|---|---|---|---|---|
| r-devel-linux-x86_64-debian-clang | 0.2.11 | 7.17 | 237.32 | 244.49 | NOTE | |
| r-devel-linux-x86_64-debian-gcc | 0.2.11 | 4.68 | 187.75 | 192.43 | NOTE | |
| r-devel-linux-x86_64-fedora-clang | 0.2.11 | 15.00 | 411.54 | 426.54 | OK | |
| r-devel-windows-x86_64 | 0.2.11 | 14.00 | 413.00 | 427.00 | OK | |
| r-patched-linux-x86_64 | 0.2.11 | 7.22 | 231.13 | 238.35 | OK | |
| r-release-linux-x86_64 | 0.2.11 | 7.11 | 232.49 | 239.60 | OK | |
| r-release-macos-arm64 | 0.2.11 | OK | ||||
| r-release-macos-x86_64 | 0.2.11 | 12.00 | 341.00 | 353.00 | OK | |
| r-release-windows-x86_64 | 0.2.11 | 13.00 | 418.00 | 431.00 | OK | |
| r-oldrel-macos-arm64 | 0.2.11 | OK | ||||
| r-oldrel-macos-x86_64 | 0.2.11 | 11.00 | 412.00 | 423.00 | OK | |
| r-oldrel-windows-x86_64 | 0.2.11 | 15.00 | 506.00 | 521.00 | OK |
Version: 0.2.11
Check: CRAN incoming feasibility
Result: NOTE
Maintainer: ‘Caspar J van Lissa <c.j.vanlissa@tilburguniversity.edu>’
The BugReports field in DESCRIPTION has
https://github.com/cjvanlissa/bain/
which should likely be
https://github.com/cjvanlissa/bain/issues
instead.
Flavors: r-devel-linux-x86_64-debian-clang, r-devel-linux-x86_64-debian-gcc