Last updated on 2025-10-22 01:51:19 CEST.
Flavor | Version | Tinstall | Tcheck | Ttotal | Status | Flags |
---|---|---|---|---|---|---|
r-devel-linux-x86_64-debian-clang | 1.1.9 | 10.65 | 62.80 | 73.45 | NOTE | |
r-devel-linux-x86_64-debian-gcc | 1.1.9 | 6.39 | 45.21 | 51.60 | NOTE | |
r-devel-linux-x86_64-fedora-clang | 1.1.9 | 39.00 | 80.59 | 119.59 | OK | |
r-devel-linux-x86_64-fedora-gcc | 1.1.9 | 21.00 | 100.37 | 121.37 | OK | |
r-devel-windows-x86_64 | 1.1.9 | 17.00 | 83.00 | 100.00 | OK | |
r-patched-linux-x86_64 | 1.1.9 | 9.21 | 60.20 | 69.41 | OK | |
r-release-linux-x86_64 | 1.1.9 | 9.32 | 60.72 | 70.04 | OK | |
r-release-macos-arm64 | 1.1.9 | 8.00 | 40.00 | 48.00 | OK | |
r-release-macos-x86_64 | 1.1.9 | 18.00 | 116.00 | 134.00 | OK | |
r-release-windows-x86_64 | 1.1.9 | 18.00 | 77.00 | 95.00 | OK | |
r-oldrel-macos-arm64 | 1.1.9 | 5.00 | 38.00 | 43.00 | OK | |
r-oldrel-macos-x86_64 | 1.1.9 | 17.00 | 153.00 | 170.00 | OK | |
r-oldrel-windows-x86_64 | 1.1.9 | 21.00 | 94.00 | 115.00 | OK |
Version: 1.1.9
Check: HTML version of manual
Result: NOTE
Found the following HTML validation problems:
writeTIF.html:80:1 (writeTIF.Rd:31): Warning: missing </ul> before </div>
Flavors: r-devel-linux-x86_64-debian-clang, r-devel-linux-x86_64-debian-gcc