Last updated on 2025-11-24 02:49:57 CET.
| Flavor | Version | Tinstall | Tcheck | Ttotal | Status | Flags |
|---|---|---|---|---|---|---|
| r-devel-linux-x86_64-debian-clang | 0.6.0 | 13.95 | 85.64 | 99.59 | OK | |
| r-devel-linux-x86_64-debian-gcc | 0.6.0 | 10.31 | 62.13 | 72.44 | OK | |
| r-devel-linux-x86_64-fedora-clang | 0.6.0 | 34.00 | 123.41 | 157.41 | NOTE | |
| r-devel-windows-x86_64 | 0.6.0 | 21.00 | 97.00 | 118.00 | OK | |
| r-patched-linux-x86_64 | 0.6.0 | 15.33 | 79.52 | 94.85 | OK | |
| r-release-linux-x86_64 | 0.6.0 | 17.08 | 79.02 | 96.10 | OK | |
| r-release-macos-arm64 | 0.6.0 | OK | ||||
| r-release-macos-x86_64 | 0.6.0 | 13.00 | 80.00 | 93.00 | OK | |
| r-release-windows-x86_64 | 0.6.0 | 20.00 | 97.00 | 117.00 | OK | |
| r-oldrel-macos-arm64 | 0.6.0 | OK | ||||
| r-oldrel-macos-x86_64 | 0.6.0 | 21.00 | 118.00 | 139.00 | OK | |
| r-oldrel-windows-x86_64 | 0.6.0 | 25.00 | 116.00 | 141.00 | OK |
Version: 0.6.0
Check: dependencies in R code
Result: NOTE
Namespaces in Imports field not imported from:
‘knitr’ ‘markdown’
All declared Imports should be used.
Flavor: r-devel-linux-x86_64-fedora-clang