Last updated on 2025-11-19 01:48:42 CET.
| Flavor | Version | Tinstall | Tcheck | Ttotal | Status | Flags |
|---|---|---|---|---|---|---|
| r-devel-linux-x86_64-debian-clang | 1.0.0 | 139.73 | 38.72 | 178.45 | OK | |
| r-devel-linux-x86_64-debian-gcc | 1.0.0 | 106.02 | 57.14 | 163.16 | OK | |
| r-devel-linux-x86_64-fedora-clang | 1.0.0 | 175.00 | 158.03 | 333.03 | OK | |
| r-devel-linux-x86_64-fedora-gcc | 1.0.0 | 226.00 | 149.73 | 375.73 | OK | |
| r-devel-windows-x86_64 | 1.0.0 | 168.00 | 88.00 | 256.00 | OK | |
| r-patched-linux-x86_64 | 1.0.0 | 159.31 | 75.31 | 234.62 | OK | |
| r-release-linux-x86_64 | 1.0.0 | 155.05 | 75.55 | 230.60 | OK | |
| r-release-macos-arm64 | 1.0.0 | 49.00 | 19.00 | 68.00 | OK | |
| r-release-macos-x86_64 | 1.0.0 | 51.00 | 52.00 | 103.00 | OK | |
| r-release-windows-x86_64 | 1.0.0 | 161.00 | 88.00 | 249.00 | OK | |
| r-oldrel-macos-arm64 | 1.0.0 | 3.00 | 9.00 | 12.00 | ERROR | |
| r-oldrel-macos-x86_64 | 1.0.0 | 57.00 | 40.00 | 97.00 | NOTE | |
| r-oldrel-windows-x86_64 | 1.0.0 | 203.00 | 102.00 | 305.00 | OK |
Version: 1.0.0
Check: whether package can be installed
Result: ERROR
Installation failed.
Flavor: r-oldrel-macos-arm64
Version: 1.0.0
Check: installed package size
Result: NOTE
installed size is 13.2Mb
sub-directories of 1Mb or more:
libs 12.3Mb
Flavor: r-oldrel-macos-x86_64