Last updated on 2025-11-01 01:50:27 CET.
| Flavor | Version | Tinstall | Tcheck | Ttotal | Status | Flags | 
|---|---|---|---|---|---|---|
| r-devel-linux-x86_64-debian-clang | 0.8.10 | 14.00 | 206.05 | 220.05 | OK | |
| r-devel-linux-x86_64-debian-gcc | 0.8.10 | 8.53 | 147.70 | 156.23 | OK | |
| r-devel-linux-x86_64-fedora-clang | 0.8.10 | 31.00 | 298.46 | 329.46 | OK | |
| r-devel-linux-x86_64-fedora-gcc | 0.8.10 | 29.00 | 304.32 | 333.32 | OK | |
| r-devel-windows-x86_64 | 0.8.9 | 14.00 | 178.00 | 192.00 | NOTE | |
| r-patched-linux-x86_64 | 0.8.10 | 11.74 | 198.19 | 209.93 | OK | |
| r-release-linux-x86_64 | 0.8.9 | 12.70 | 195.32 | 208.02 | NOTE | |
| r-release-macos-arm64 | 0.8.10 | 5.00 | 81.00 | 86.00 | OK | |
| r-release-macos-x86_64 | 0.8.10 | 20.00 | 294.00 | 314.00 | OK | |
| r-release-windows-x86_64 | 0.8.10 | 14.00 | 183.00 | 197.00 | OK | |
| r-oldrel-macos-arm64 | 0.8.10 | 5.00 | 86.00 | 91.00 | OK | |
| r-oldrel-macos-x86_64 | 0.8.10 | 24.00 | 306.00 | 330.00 | OK | |
| r-oldrel-windows-x86_64 | 0.8.9 | 18.00 | 468.00 | 486.00 | OK | 
Version: 0.8.9
Check: DESCRIPTION meta-information
Result: NOTE
    Missing dependency on R >= 4.1.0 because package code uses the pipe
    |> or function shorthand \(...) syntax added in R 4.1.0.
    File(s) using such syntax:
      'read_any_breathtest.R'
Flavors: r-devel-windows-x86_64, r-release-linux-x86_64