Last updated on 2025-10-22 01:51:20 CEST.
Flavor | Version | Tinstall | Tcheck | Ttotal | Status | Flags |
---|---|---|---|---|---|---|
r-devel-linux-x86_64-debian-clang | 0.2.1 | 62.14 | 152.97 | 215.11 | OK | |
r-devel-linux-x86_64-debian-gcc | 0.2.1 | 38.50 | 105.06 | 143.56 | OK | |
r-devel-linux-x86_64-fedora-clang | 0.2.1 | 252.00 | 121.82 | 373.82 | OK | |
r-devel-linux-x86_64-fedora-gcc | 0.2.1 | 112.00 | 228.13 | 340.13 | OK | |
r-devel-windows-x86_64 | 0.2.1 | 69.00 | 153.00 | 222.00 | OK | |
r-patched-linux-x86_64 | 0.2.1 | 55.44 | 140.49 | 195.93 | OK | |
r-release-linux-x86_64 | 0.2.1 | 60.11 | 141.40 | 201.51 | OK | |
r-release-macos-arm64 | 0.2.1 | 22.00 | 66.00 | 88.00 | WARN | |
r-release-macos-x86_64 | 0.2.1 | 47.00 | 209.00 | 256.00 | WARN | |
r-release-windows-x86_64 | 0.2.1 | 72.00 | 159.00 | 231.00 | OK | |
r-oldrel-macos-arm64 | 0.2.1 | 27.00 | 119.00 | 146.00 | WARN | |
r-oldrel-macos-x86_64 | 0.2.1 | 44.00 | 217.00 | 261.00 | WARN | |
r-oldrel-windows-x86_64 | 0.2.1 | 84.00 | 204.00 | 288.00 | OK |
Version: 0.2.1
Check: whether package can be installed
Result: WARN
Found the following significant warnings:
integratere.cpp:78:20: warning: explicitly assigning value of variable of type 'arma::mat' (aka 'Mat<double>') to itself [-Wself-assign-overloaded]
See ‘/Volumes/Builds/packages/big-sur-arm64/results/4.5/brmsmargins.Rcheck/00install.out’ for details.
* used C++ compiler: ‘Apple clang version 14.0.0 (clang-1400.0.29.202)’
* used SDK: ‘MacOSX11.3.sdk’
Flavor: r-release-macos-arm64
Version: 0.2.1
Check: whether package can be installed
Result: WARN
Found the following significant warnings:
integratere.cpp:78:20: warning: explicitly assigning value of variable of type 'arma::mat' (aka 'Mat<double>') to itself [-Wself-assign-overloaded]
See ‘/Volumes/Builds/packages/big-sur-x86_64/results/4.5/brmsmargins.Rcheck/00install.out’ for details.
* used C++ compiler: ‘Apple clang version 14.0.3 (clang-1403.0.22.14.1)’
* used SDK: ‘MacOSX11.3.sdk’
Flavor: r-release-macos-x86_64
Version: 0.2.1
Check: whether package can be installed
Result: WARN
Found the following significant warnings:
integratere.cpp:78:20: warning: explicitly assigning value of variable of type 'arma::mat' (aka 'Mat<double>') to itself [-Wself-assign-overloaded]
See ‘/Volumes/Builds/packages/big-sur-arm64/results/4.4/brmsmargins.Rcheck/00install.out’ for details.
* used C++ compiler: ‘Apple clang version 14.0.0 (clang-1400.0.29.202)’
* used SDK: ‘MacOSX11.3.sdk’
Flavor: r-oldrel-macos-arm64
Version: 0.2.1
Check: installed package size
Result: NOTE
installed size is 5.7Mb
sub-directories of 1Mb or more:
doc 2.8Mb
libs 2.7Mb
Flavors: r-oldrel-macos-arm64, r-oldrel-macos-x86_64
Version: 0.2.1
Check: whether package can be installed
Result: WARN
Found the following significant warnings:
integratere.cpp:78:20: warning: explicitly assigning value of variable of type 'arma::mat' (aka 'Mat<double>') to itself [-Wself-assign-overloaded]
See ‘/Volumes/Builds/packages/big-sur-x86_64/results/4.4/brmsmargins.Rcheck/00install.out’ for details.
* used C++ compiler: ‘Apple clang version 14.0.3 (clang-1403.0.22.14.1)’
* used SDK: ‘MacOSX11.3.sdk’
Flavor: r-oldrel-macos-x86_64