Last updated on 2024-05-21 02:01:56 CEST.
Flavor | Version | Tinstall | Tcheck | Ttotal | Status | Flags |
---|---|---|---|---|---|---|
r-devel-linux-x86_64-debian-clang | 0.23.8 | 2.27 | 24.41 | 26.68 | OK | |
r-devel-linux-x86_64-debian-gcc | 0.23.8 | 1.82 | 18.93 | 20.75 | OK | |
r-devel-linux-x86_64-fedora-clang | 0.23.8 | 38.06 | NOTE | |||
r-devel-linux-x86_64-fedora-gcc | 0.23.8 | 32.74 | OK | |||
r-devel-windows-x86_64 | 0.23.8 | 3.00 | 40.00 | 43.00 | OK | |
r-patched-linux-x86_64 | 0.23.8 | 3.18 | 22.78 | 25.96 | OK | |
r-release-linux-x86_64 | 0.23.8 | 2.67 | 23.76 | 26.43 | OK | |
r-release-macos-arm64 | 0.23.8 | 16.00 | OK | |||
r-release-windows-x86_64 | 0.23.8 | 4.00 | 39.00 | 43.00 | OK | |
r-oldrel-macos-arm64 | 0.23.8 | 19.00 | OK | |||
r-oldrel-macos-x86_64 | 0.23.8 | 33.00 | OK | |||
r-oldrel-windows-x86_64 | 0.23.8 | 7.00 | 39.00 | 46.00 | OK |
Version: 0.23.8
Check: Rd cross-references
Result: NOTE
Undeclared package ‘weibullness’ in Rd xrefs
Flavor: r-devel-linux-x86_64-fedora-clang