CRAN Package Check Results for Package bsvars

Last updated on 2025-10-25 01:50:54 CEST.

Flavor Version Tinstall Tcheck Ttotal Status Flags
r-devel-linux-x86_64-debian-clang 3.2 200.36 196.10 396.46 NOTE
r-devel-linux-x86_64-debian-gcc 3.2 125.99 161.13 287.12 NOTE
r-devel-linux-x86_64-fedora-clang 3.2 660.00 41.78 701.78 NOTE
r-devel-linux-x86_64-fedora-gcc 3.2 293.00 373.59 666.59 NOTE
r-devel-windows-x86_64 3.2 214.00 275.00 489.00 NOTE
r-patched-linux-x86_64 3.2 202.27 193.24 395.51 NOTE
r-release-linux-x86_64 3.2 202.95 193.22 396.17 NOTE
r-release-macos-arm64 3.2 68.00 199.00 267.00 NOTE
r-release-macos-x86_64 3.2 80.00 335.00 415.00 NOTE
r-release-windows-x86_64 3.2 213.00 270.00 483.00 NOTE
r-oldrel-macos-arm64 3.2 64.00 177.00 241.00 NOTE
r-oldrel-macos-x86_64 3.2 69.00 260.00 329.00 NOTE
r-oldrel-windows-x86_64 3.2 251.00 323.00 574.00 OK

Check Details

Version: 3.2
Check: DESCRIPTION meta-information
Result: NOTE Missing dependency on R >= 4.1.0 because package code uses the pipe |> or function shorthand \(...) syntax added in R 4.1.0. File(s) using such syntax: ‘bsvars-package.Rd’ ‘compute_conditional_sd.PosteriorBSVAR.Rd’ ‘compute_conditional_sd.PosteriorBSVARMIX.Rd’ ‘compute_conditional_sd.PosteriorBSVARMSH.Rd’ ‘compute_conditional_sd.PosteriorBSVARSV.Rd’ ‘compute_conditional_sd.PosteriorBSVART.Rd’ ‘compute_conditional_sd.Rd’ ‘compute_fitted_values.PosteriorBSVAR.Rd’ ‘compute_fitted_values.PosteriorBSVARMIX.Rd’ ‘compute_fitted_values.PosteriorBSVARMSH.Rd’ ‘compute_fitted_values.PosteriorBSVARSV.Rd’ ‘compute_fitted_values.PosteriorBSVART.Rd’ ‘compute_fitted_values.Rd’ ‘compute_historical_decompositions.PosteriorBSVAR.Rd’ ‘compute_historical_decompositions.PosteriorBSVARMIX.Rd’ ‘compute_historical_decompositions.PosteriorBSVARMSH.Rd’ ‘compute_historical_decompositions.PosteriorBSVARSV.Rd’ ‘compute_historical_decompositions.PosteriorBSVART.Rd’ ‘compute_historical_decompositions.Rd’ ‘compute_impulse_responses.PosteriorBSVAR.Rd’ ‘compute_impulse_responses.PosteriorBSVARMIX.Rd’ ‘compute_impulse_responses.PosteriorBSVARMSH.Rd’ ‘compute_impulse_responses.PosteriorBSVARSV.Rd’ ‘compute_impulse_responses.PosteriorBSVART.Rd’ ‘compute_impulse_responses.Rd’ ‘compute_regime_probabilities.PosteriorBSVARMIX.Rd’ ‘compute_regime_probabilities.PosteriorBSVARMSH.Rd’ ‘compute_regime_probabilities.Rd’ ‘compute_structural_shocks.PosteriorBSVAR.Rd’ ‘compute_structural_shocks.PosteriorBSVARMIX.Rd’ ‘compute_structural_shocks.PosteriorBSVARMSH.Rd’ ‘compute_structural_shocks.PosteriorBSVARSV.Rd’ ‘compute_structural_shocks.PosteriorBSVART.Rd’ ‘compute_structural_shocks.Rd’ ‘compute_variance_decompositions.PosteriorBSVAR.Rd’ ‘compute_variance_decompositions.PosteriorBSVARMIX.Rd’ ‘compute_variance_decompositions.PosteriorBSVARMSH.Rd’ ‘compute_variance_decompositions.PosteriorBSVARSV.Rd’ ‘compute_variance_decompositions.PosteriorBSVART.Rd’ ‘compute_variance_decompositions.Rd’ ‘estimate.BSVAR.Rd’ ‘estimate.BSVARMIX.Rd’ ‘estimate.BSVARMSH.Rd’ ‘estimate.BSVARSV.Rd’ ‘estimate.BSVART.Rd’ ‘estimate.PosteriorBSVAR.Rd’ ‘estimate.PosteriorBSVARMIX.Rd’ ‘estimate.PosteriorBSVARMSH.Rd’ ‘estimate.PosteriorBSVARSV.Rd’ ‘estimate.PosteriorBSVART.Rd’ ‘estimate.Rd’ ‘forecast.PosteriorBSVAR.Rd’ ‘forecast.PosteriorBSVARMIX.Rd’ ‘forecast.PosteriorBSVARMSH.Rd’ ‘forecast.PosteriorBSVARSV.Rd’ ‘forecast.PosteriorBSVART.Rd’ ‘forecast.Rd’ ‘plot.Forecasts.Rd’ ‘plot.PosteriorFEVD.Rd’ ‘plot.PosteriorFitted.Rd’ ‘plot.PosteriorHD.Rd’ ‘plot.PosteriorIR.Rd’ ‘plot.PosteriorRegimePr.Rd’ ‘plot.PosteriorShocks.Rd’ ‘plot.PosteriorSigma.Rd’ ‘summary.Forecasts.Rd’ ‘summary.PosteriorBSVAR.Rd’ ‘summary.PosteriorBSVARMIX.Rd’ ‘summary.PosteriorBSVARMSH.Rd’ ‘summary.PosteriorBSVARSV.Rd’ ‘summary.PosteriorBSVART.Rd’ ‘summary.PosteriorFEVD.Rd’ ‘summary.PosteriorFitted.Rd’ ‘summary.PosteriorHD.Rd’ ‘summary.PosteriorIR.Rd’ ‘summary.PosteriorRegimePr.Rd’ ‘summary.PosteriorShocks.Rd’ ‘summary.PosteriorSigma.Rd’ ‘summary.SDDRautoregression.Rd’ ‘summary.SDDRidMIX.Rd’ ‘summary.SDDRidMSH.Rd’ ‘summary.SDDRidSV.Rd’ ‘summary.SDDRidT.Rd’ ‘summary.SDDRvolatility.Rd’ ‘verify_autoregression.PosteriorBSVAR.Rd’ ‘verify_autoregression.PosteriorBSVARMIX.Rd’ ‘verify_autoregression.PosteriorBSVARMSH.Rd’ ‘verify_autoregression.PosteriorBSVARSV.Rd’ ‘verify_autoregression.PosteriorBSVART.Rd’ ‘verify_autoregression.Rd’ ‘verify_identification.PosteriorBSVAR.Rd’ ‘verify_identification.PosteriorBSVARMIX.Rd’ ‘verify_identification.PosteriorBSVARMSH.Rd’ ‘verify_identification.PosteriorBSVARSV.Rd’ ‘verify_identification.PosteriorBSVART.Rd’ ‘verify_identification.Rd’ ‘verify_volatility.PosteriorBSVAR.Rd’ ‘verify_volatility.PosteriorBSVARMIX.Rd’ ‘verify_volatility.PosteriorBSVARMSH.Rd’ ‘verify_volatility.PosteriorBSVARSV.Rd’ ‘verify_volatility.Rd’ Flavors: r-devel-linux-x86_64-debian-clang, r-devel-linux-x86_64-debian-gcc, r-devel-linux-x86_64-fedora-clang, r-devel-linux-x86_64-fedora-gcc, r-devel-windows-x86_64, r-patched-linux-x86_64, r-release-linux-x86_64, r-release-macos-arm64, r-release-macos-x86_64, r-release-windows-x86_64

Version: 3.2
Check: installed package size
Result: NOTE installed size is 15.6Mb sub-directories of 1Mb or more: libs 13.3Mb Flavors: r-oldrel-macos-arm64, r-oldrel-macos-x86_64