Last updated on 2025-11-20 02:49:10 CET.
| Flavor | Version | Tinstall | Tcheck | Ttotal | Status | Flags |
|---|---|---|---|---|---|---|
| r-devel-linux-x86_64-debian-clang | 1.2.0 | 2.07 | 426.54 | 428.61 | NOTE | |
| r-devel-linux-x86_64-debian-gcc | 1.2.0 | 2.06 | 287.74 | 289.80 | NOTE | |
| r-devel-linux-x86_64-fedora-clang | 1.2.0 | 686.64 | NOTE | |||
| r-devel-linux-x86_64-fedora-gcc | 1.2.0 | 697.61 | NOTE | |||
| r-devel-windows-x86_64 | 1.2.0 | 7.00 | 276.00 | 283.00 | NOTE | --no-vignettes |
| r-patched-linux-x86_64 | 1.2.0 | 2.22 | 412.75 | 414.97 | NOTE | |
| r-release-linux-x86_64 | 1.2.0 | 2.48 | 413.89 | 416.37 | NOTE | |
| r-release-macos-arm64 | 1.2.0 | NOTE | ||||
| r-release-macos-x86_64 | 1.2.0 | 2.00 | 504.00 | 506.00 | NOTE | |
| r-release-windows-x86_64 | 1.2.0 | 4.00 | 285.00 | 289.00 | NOTE | --no-vignettes |
| r-oldrel-macos-arm64 | 1.2.0 | NOTE | ||||
| r-oldrel-macos-x86_64 | 1.2.0 | 2.00 | 316.00 | 318.00 | NOTE | |
| r-oldrel-windows-x86_64 | 1.2.0 | 6.00 | 337.00 | 343.00 | NOTE | --no-vignettes |
Version: 1.2.0
Check: Rd files
Result: NOTE
checkRd: (-1) kink_estimator.Rd:60: Escaped LaTeX specials: \$
Flavors: r-devel-linux-x86_64-debian-clang, r-devel-linux-x86_64-debian-gcc, r-devel-linux-x86_64-fedora-clang, r-devel-linux-x86_64-fedora-gcc, r-patched-linux-x86_64, r-release-linux-x86_64, r-release-macos-arm64, r-release-macos-x86_64, r-oldrel-macos-arm64, r-oldrel-macos-x86_64
Version: 1.2.0
Flags: --no-vignettes
Check: Rd files
Result: NOTE
checkRd: (-1) kink_estimator.Rd:60: Escaped LaTeX specials: \$
Flavors: r-devel-windows-x86_64, r-release-windows-x86_64, r-oldrel-windows-x86_64
Version: 1.2.0
Check: LazyData
Result: NOTE
'LazyData' is specified without a 'data' directory
Flavors: r-oldrel-macos-arm64, r-oldrel-macos-x86_64
Version: 1.2.0
Flags: --no-vignettes
Check: LazyData
Result: NOTE
'LazyData' is specified without a 'data' directory
Flavor: r-oldrel-windows-x86_64