CRAN Package Check Results for Package citationchaser

Last updated on 2025-11-20 02:49:10 CET.

Flavor Version Tinstall Tcheck Ttotal Status Flags
r-devel-linux-x86_64-debian-clang 0.0.4 12.20 96.74 108.94 NOTE
r-devel-linux-x86_64-debian-gcc 0.0.4 8.26 67.74 76.00 NOTE
r-devel-linux-x86_64-fedora-clang 0.0.4 28.00 141.70 169.70 NOTE
r-devel-linux-x86_64-fedora-gcc 0.0.4 24.00 134.36 158.36 NOTE
r-devel-windows-x86_64 0.0.4 15.00 93.00 108.00 OK
r-patched-linux-x86_64 0.0.4 10.24 89.36 99.60 OK
r-release-linux-x86_64 0.0.4 12.20 89.23 101.43 OK
r-release-macos-arm64 0.0.4 OK
r-release-macos-x86_64 0.0.4 9.00 64.00 73.00 OK
r-release-windows-x86_64 0.0.4 14.00 91.00 105.00 OK
r-oldrel-macos-arm64 0.0.4 OK
r-oldrel-macos-x86_64 0.0.4 7.00 56.00 63.00 OK
r-oldrel-windows-x86_64 0.0.4 20.00 117.00 137.00 OK

Check Details

Version: 0.0.4
Check: CRAN incoming feasibility
Result: NOTE Maintainer: ‘Neal Haddaway <nealhaddaway@gmail.com>’ Package CITATION file contains call(s) to old-style citEntry(). Please use bibentry() instead. Flavors: r-devel-linux-x86_64-debian-clang, r-devel-linux-x86_64-debian-gcc

Version: 0.0.4
Check: dependencies in R code
Result: NOTE Namespace in Imports field not imported from: ‘networkD3’ All declared Imports should be used. Flavors: r-devel-linux-x86_64-fedora-clang, r-devel-linux-x86_64-fedora-gcc