Last updated on 2025-11-01 01:50:28 CET.
| Flavor | Version | Tinstall | Tcheck | Ttotal | Status | Flags | 
|---|---|---|---|---|---|---|
| r-devel-linux-x86_64-debian-clang | 1.1.2 | 3.16 | 131.13 | 134.29 | NOTE | |
| r-devel-linux-x86_64-debian-gcc | 1.1.2 | 2.28 | 98.65 | 100.93 | NOTE | |
| r-devel-linux-x86_64-fedora-clang | 1.1.2 | 199.37 | NOTE | |||
| r-devel-linux-x86_64-fedora-gcc | 1.1.2 | 212.57 | NOTE | |||
| r-devel-windows-x86_64 | 1.1.2 | 6.00 | 151.00 | 157.00 | NOTE | |
| r-patched-linux-x86_64 | 1.1.2 | 4.65 | 126.26 | 130.91 | NOTE | |
| r-release-linux-x86_64 | 1.1.2 | 3.60 | 127.04 | 130.64 | NOTE | |
| r-release-macos-arm64 | 1.1.2 | 2.00 | 64.00 | 66.00 | NOTE | |
| r-release-macos-x86_64 | 1.1.2 | 3.00 | 134.00 | 137.00 | NOTE | |
| r-release-windows-x86_64 | 1.1.2 | 6.00 | 152.00 | 158.00 | NOTE | |
| r-oldrel-macos-arm64 | 1.1.2 | 2.00 | 66.00 | 68.00 | NOTE | |
| r-oldrel-macos-x86_64 | 1.1.2 | 2.00 | 117.00 | 119.00 | NOTE | |
| r-oldrel-windows-x86_64 | 1.1.2 | 8.00 | 187.00 | 195.00 | NOTE | 
Version: 1.1.2
Check: Rd files
Result: NOTE
  checkRd: (-1) getHistList.Rd:32: Lost braces; missing escapes or markup?
      32 | ({FALSE})? If a bin is empty, the center of the bin is returned as the
         |  ^
  checkRd: (-1) imageClusterPipeline.Rd:82: Lost braces; missing escapes or markup?
      82 | of the bin ({FALSE})? If a bin is empty, the center of the bin is returned
         |             ^
Flavors: r-devel-linux-x86_64-debian-clang, r-devel-linux-x86_64-debian-gcc, r-devel-linux-x86_64-fedora-clang, r-devel-linux-x86_64-fedora-gcc, r-devel-windows-x86_64, r-patched-linux-x86_64, r-release-linux-x86_64, r-release-macos-arm64, r-release-macos-x86_64, r-release-windows-x86_64, r-oldrel-macos-arm64, r-oldrel-macos-x86_64, r-oldrel-windows-x86_64
Version: 1.1.2
Check: dependencies in R code
Result: NOTE
  Namespaces in Imports field not imported from:
    ‘magrittr’ ‘qpdf’
    All declared Imports should be used.
Flavors: r-devel-linux-x86_64-fedora-clang, r-devel-linux-x86_64-fedora-gcc
Version: 1.1.2
Check: LazyData
Result: NOTE
    'LazyData' is specified without a 'data' directory
Flavors: r-oldrel-macos-arm64, r-oldrel-macos-x86_64, r-oldrel-windows-x86_64