Last updated on 2025-10-21 01:48:28 CEST.
Flavor | Version | Tinstall | Tcheck | Ttotal | Status | Flags |
---|---|---|---|---|---|---|
r-devel-linux-x86_64-debian-clang | 0.1.1 | 4.42 | 37.52 | 41.94 | OK | |
r-devel-linux-x86_64-debian-gcc | 0.1.1 | 2.96 | 29.04 | 32.00 | NOTE | |
r-devel-linux-x86_64-fedora-clang | 0.1.1 | 44.38 | OK | |||
r-devel-linux-x86_64-fedora-gcc | 0.1.1 | 57.72 | OK | |||
r-devel-windows-x86_64 | 0.1.1 | 6.00 | 58.00 | 64.00 | OK | |
r-patched-linux-x86_64 | 0.1.1 | 4.07 | 34.58 | 38.65 | OK | |
r-release-linux-x86_64 | 0.1.1 | 4.11 | 34.79 | 38.90 | OK | |
r-release-macos-arm64 | 0.1.1 | 25.00 | OK | |||
r-release-macos-x86_64 | 0.1.1 | 53.00 | OK | |||
r-release-windows-x86_64 | 0.1.1 | 8.00 | 61.00 | 69.00 | OK | |
r-oldrel-macos-arm64 | 0.1.1 | 22.00 | OK | |||
r-oldrel-macos-x86_64 | 0.1.1 | 33.00 | OK | |||
r-oldrel-windows-x86_64 | 0.1.1 | 9.00 | 66.00 | 75.00 | OK |
Version: 0.1.1
Check: HTML version of manual
Result: NOTE
Found the following HTML validation problems:
Conductor.html:927:1 (Conductor.Rd:624): Warning: missing </ul> before </div>
Conductor.html:205:1 (Conductor.Rd:125): Warning: <h5> anchor "Usage" already defined
Conductor.html:211:1 (Conductor.Rd:129): Warning: <h5> anchor "Arguments" already defined
Conductor.html:225:1 (Conductor.Rd:137): Warning: <h5> anchor "Details" already defined
Conductor.html:240:1 (Conductor.Rd:146): Warning: <h5> anchor "Usage" already defined
Conductor.html:246:1 (Conductor.Rd:150): Warning: <h5> anchor "Arguments" already defined
Conductor.html:260:1 (Conductor.Rd:158): Warning: <h5> anchor "Details" already defined
Conductor.html:275:1 (Conductor.Rd:167): Warning: <h5> anchor "Usage" already defined
Conductor.html:302:1 (Conductor.Rd:192): Warning: <h5> anchor "Arguments" already defined
Conductor.html:374:1 (Conductor.Rd:258): Warning: <h5> anchor "Details" already defined
Conductor.html:389:1 (Conductor.Rd:267): Warning: <h5> anchor "Usage" already defined
Conductor.html:414:1 (Conductor.Rd:290): Warning: <h5> anchor "Arguments" already defined
Conductor.html:491:1 (Conductor.Rd:361): Warning: <h5> anchor "Details" already defined
Conductor.html:506:1 (Conductor.Rd:370): Warning: <h5> anchor "Usage" already defined
Conductor.html:512:1 (Conductor.Rd:374): Warning: <h5> anchor "Arguments" already defined
Conductor.html:529:1 (Conductor.Rd:385): Warning: <h5> anchor "Details" already defined
Conductor.html:544:1 (Conductor.Rd:394): Warning: <h5> anchor "Usage" already defined
Conductor.html:550:1 (Conductor.Rd:398): Warning: <h5> anchor "Arguments" already defined
Conductor.html:567:1 (Conductor.Rd:409): Warning: <h5> anchor "Details" already defined
Conductor.html:582:1 (Conductor.Rd:418): Warning: <h5> anchor "Usage" already defined
Conductor.html:588:1 (Conductor.Rd:422): Warning: <h5> anchor "Arguments" already defined
Conductor.html:602:1 (Conductor.Rd:430): Warning: <h5> anchor "Details" already defined
Conductor.html:617:1 (Conductor.Rd:439): Warning: <h5> anchor "Usage" already defined
Conductor.html:623:1 (Conductor.Rd:443): Warning: <h5> anchor "Arguments" already defined
Conductor.html:637:1 (Conductor.Rd:451): Warning: <h5> anchor "Details" already defined
Conductor.html:652:1 (Conductor.Rd:460): Warning: <h5> anchor "Usage" already defined
Conductor.html:658:1 (Conductor.Rd:464): Warning: <h5> anchor "Arguments" already defined
Conductor.html:672:1 (Conductor.Rd:472): Warning: <h5> anchor "Details" already defined
Conductor.html:687:1 (Conductor.Rd:481): Warning: <h5> anchor "Usage" already defined
Conductor.html:693:1 (Conductor.Rd:485): Warning: <h5> anchor "Arguments" already defined
Conductor.html:707:1 (Conductor.Rd:493): Warning: <h5> anchor "Details" already defined
Conductor.html:722:1 (Conductor.Rd:502): Warning: <h5> anchor "Usage" already defined
Conductor.html:728:1 (Conductor.Rd:506): Warning: <h5> anchor "Arguments" already defined
Conductor.html:742:1 (Conductor.Rd:514): Warning: <h5> anchor "Details" already defined
Conductor.html:757:1 (Conductor.Rd:523): Warning: <h5> anchor "Usage" already defined
Conductor.html:763:1 (Conductor.Rd:527): Warning: <h5> anchor "Arguments" already defined
Conductor.html:777:1 (Conductor.Rd:535): Warning: <h5> anchor "Details" already defined
Conductor.html:793:1 (Conductor.Rd:545): Warning: <h5> anchor "Usage" already defined
Conductor.html:799:1 (Conductor.Rd:549): Warning: <h5> anchor "Arguments" already defined
Conductor.html:813:1 (Conductor.Rd:557): Warning: <h5> anchor "Details" already defined
Conductor.html:829:1 (Conductor.Rd:567): Warning: <h5> anchor "Usage" already defined
Conductor.html:835:1 (Conductor.Rd:571): Warning: <h5> anchor "Arguments" already defined
Conductor.html:852:1 (Conductor.Rd:582): Warning: <h5> anchor "Details" already defined
Conductor.html:867:1 (Conductor.Rd:591): Warning: <h5> anchor "Usage" already defined
Conductor.html:873:1 (Conductor.Rd:595): Warning: <h5> anchor "Arguments" already defined
Conductor.html:887:1 (Conductor.Rd:603): Warning: <h5> anchor "Details" already defined
Conductor.html:904:1 (Conductor.Rd:613): Warning: <h5> anchor "Usage" already defined
Conductor.html:910:1 (Conductor.Rd:617): Warning: <h5> anchor "Arguments" already defined
Flavor: r-devel-linux-x86_64-debian-gcc