Last updated on 2025-11-20 02:49:11 CET.
| Flavor | Version | Tinstall | Tcheck | Ttotal | Status | Flags |
|---|---|---|---|---|---|---|
| r-devel-linux-x86_64-debian-clang | 1.2.3 | 5.78 | 62.62 | 68.40 | NOTE | |
| r-devel-linux-x86_64-debian-gcc | 1.2.3 | 4.45 | 47.83 | 52.28 | NOTE | |
| r-devel-linux-x86_64-fedora-clang | 1.2.3 | 13.00 | 88.33 | 101.33 | OK | |
| r-devel-linux-x86_64-fedora-gcc | 1.2.3 | 14.00 | 104.81 | 118.81 | OK | |
| r-devel-windows-x86_64 | 1.2.3 | 11.00 | 74.00 | 85.00 | OK | |
| r-patched-linux-x86_64 | 1.2.3 | 5.02 | 58.30 | 63.32 | OK | |
| r-release-linux-x86_64 | 1.2.3 | 6.02 | 58.18 | 64.20 | OK | |
| r-release-macos-arm64 | 1.2.3 | OK | ||||
| r-release-macos-x86_64 | 1.2.3 | 6.00 | 62.00 | 68.00 | OK | |
| r-release-windows-x86_64 | 1.2.3 | 9.00 | 71.00 | 80.00 | OK | |
| r-oldrel-macos-arm64 | 1.2.3 | OK | ||||
| r-oldrel-macos-x86_64 | 1.2.3 | 4.00 | 47.00 | 51.00 | OK | |
| r-oldrel-windows-x86_64 | 1.2.3 | 12.00 | 90.00 | 102.00 | OK |
Version: 1.2.3
Check: CRAN incoming feasibility
Result: NOTE
Maintainer: ‘Michael Sachs <sachsmc@gmail.com>’
No Authors@R field in DESCRIPTION.
Please add one, modifying
Authors@R: person(given = "Michael",
family = "Sachs",
role = c("aut", "cre"),
email = "sachsmc@gmail.com")
as necessary.
Flavors: r-devel-linux-x86_64-debian-clang, r-devel-linux-x86_64-debian-gcc