Last updated on 2025-10-22 01:51:21 CEST.
Flavor | Version | Tinstall | Tcheck | Ttotal | Status | Flags |
---|---|---|---|---|---|---|
r-devel-linux-x86_64-debian-clang | 0.2.3 | 9.04 | 103.38 | 112.42 | OK | |
r-devel-linux-x86_64-debian-gcc | 0.2.3 | 5.42 | 69.27 | 74.69 | OK | |
r-devel-linux-x86_64-fedora-clang | 0.2.3 | 128.53 | OK | |||
r-devel-linux-x86_64-fedora-gcc | 0.2.3 | 17.00 | 154.66 | 171.66 | OK | |
r-devel-windows-x86_64 | 0.2.3 | 10.00 | 110.00 | 120.00 | OK | |
r-patched-linux-x86_64 | 0.2.3 | 7.15 | 98.27 | 105.42 | OK | |
r-release-linux-x86_64 | 0.2.3 | 8.27 | 96.84 | 105.11 | OK | |
r-release-macos-arm64 | 0.2.3 | 4.00 | 118.00 | 122.00 | OK | |
r-release-macos-x86_64 | 0.2.3 | 7.00 | 85.00 | 92.00 | OK | |
r-release-windows-x86_64 | 0.2.3 | 11.00 | 106.00 | 117.00 | OK | |
r-oldrel-macos-arm64 | 0.2.3 | 3.00 | 54.00 | 57.00 | NOTE | |
r-oldrel-macos-x86_64 | 0.2.3 | 6.00 | 90.00 | 96.00 | NOTE | |
r-oldrel-windows-x86_64 | 0.2.3 | 13.00 | 142.00 | 155.00 | NOTE |
Version: 0.2.3
Check: installed package size
Result: NOTE
installed size is 6.5Mb
sub-directories of 1Mb or more:
doc 6.4Mb
Flavors: r-oldrel-macos-arm64, r-oldrel-macos-x86_64, r-oldrel-windows-x86_64