Last updated on 2025-10-22 01:51:21 CEST.
Flavor | Version | Tinstall | Tcheck | Ttotal | Status | Flags |
---|---|---|---|---|---|---|
r-devel-linux-x86_64-debian-clang | 0.1.0 | 4.65 | 150.57 | 155.22 | NOTE | |
r-devel-linux-x86_64-debian-gcc | 0.1.0 | 2.95 | 99.91 | 102.86 | NOTE | |
r-devel-linux-x86_64-fedora-clang | 0.1.0 | 171.71 | OK | |||
r-devel-linux-x86_64-fedora-gcc | 0.1.0 | 240.70 | OK | |||
r-devel-windows-x86_64 | 0.1.0 | 5.00 | 143.00 | 148.00 | OK | |
r-patched-linux-x86_64 | 0.1.0 | 4.79 | 140.08 | 144.87 | OK | |
r-release-linux-x86_64 | 0.1.0 | 3.75 | 140.81 | 144.56 | OK | |
r-release-macos-arm64 | 0.1.0 | 2.00 | 59.00 | 61.00 | OK | |
r-release-macos-x86_64 | 0.1.0 | 4.00 | 139.00 | 143.00 | OK | |
r-release-windows-x86_64 | 0.1.0 | 7.00 | 143.00 | 150.00 | OK | |
r-oldrel-macos-arm64 | 0.1.0 | 2.00 | 71.00 | 73.00 | OK | |
r-oldrel-macos-x86_64 | 0.1.0 | 5.00 | 192.00 | 197.00 | OK | |
r-oldrel-windows-x86_64 | 0.1.0 | 9.00 | 195.00 | 204.00 | OK |
Version: 0.1.0
Check: HTML version of manual
Result: NOTE
Found the following HTML validation problems:
vctrs.html:78:1 (vctrs.Rd:38): Warning: missing </ul> before </div>
Flavors: r-devel-linux-x86_64-debian-clang, r-devel-linux-x86_64-debian-gcc