CRAN Package Check Results for Package cusum

Last updated on 2025-10-22 01:51:22 CEST.

Flavor Version Tinstall Tcheck Ttotal Status Flags
r-devel-linux-x86_64-debian-clang 0.4.1 12.77 85.56 98.33 NOTE
r-devel-linux-x86_64-debian-gcc 0.4.1 8.39 59.34 67.73 NOTE
r-devel-linux-x86_64-fedora-clang 0.4.1 19.00 103.99 122.99 NOTE
r-devel-linux-x86_64-fedora-gcc 0.4.1 30.00 127.60 157.60 NOTE
r-devel-windows-x86_64 0.4.1 15.00 105.00 120.00 NOTE
r-patched-linux-x86_64 0.4.1 12.04 79.38 91.42 NOTE
r-release-linux-x86_64 0.4.1 11.28 79.85 91.13 NOTE
r-release-macos-arm64 0.4.1 6.00 52.00 58.00 NOTE
r-release-macos-x86_64 0.4.1 10.00 80.00 90.00 NOTE
r-release-windows-x86_64 0.4.1 16.00 111.00 127.00 NOTE
r-oldrel-macos-arm64 0.4.1 7.00 41.00 48.00 NOTE
r-oldrel-macos-x86_64 0.4.1 9.00 63.00 72.00 NOTE
r-oldrel-windows-x86_64 0.4.1 18.00 134.00 152.00 NOTE

Check Details

Version: 0.4.1
Check: C++ specification
Result: NOTE Specified C++11: please drop specification unless essential Flavors: r-devel-linux-x86_64-debian-clang, r-devel-linux-x86_64-debian-gcc, r-devel-linux-x86_64-fedora-clang, r-devel-linux-x86_64-fedora-gcc, r-devel-windows-x86_64, r-patched-linux-x86_64, r-release-linux-x86_64, r-release-macos-arm64, r-release-macos-x86_64, r-release-windows-x86_64, r-oldrel-macos-arm64, r-oldrel-macos-x86_64, r-oldrel-windows-x86_64

Version: 0.4.1
Check: HTML version of manual
Result: NOTE Found the following HTML validation problems: plot.cusum.html:50:1 (plot.cusum.Rd:12): Warning: missing </ul> before </div> weights_t.html:54:1 (weights_t.Rd:14): Warning: missing </ul> before </div> Flavors: r-devel-linux-x86_64-debian-clang, r-devel-linux-x86_64-debian-gcc