Last updated on 2025-10-21 01:48:29 CEST.
Flavor | Version | Tinstall | Tcheck | Ttotal | Status | Flags |
---|---|---|---|---|---|---|
r-devel-linux-x86_64-debian-clang | 0.2.1 | 5.72 | 47.17 | 52.89 | OK | |
r-devel-linux-x86_64-debian-gcc | 0.2.1 | 3.71 | 34.84 | 38.55 | NOTE | |
r-devel-linux-x86_64-fedora-clang | 0.2.1 | 80.08 | OK | |||
r-devel-linux-x86_64-fedora-gcc | 0.2.1 | 73.59 | OK | |||
r-devel-windows-x86_64 | 0.2.1 | 8.00 | 62.00 | 70.00 | OK | |
r-patched-linux-x86_64 | 0.2.1 | 6.06 | 44.02 | 50.08 | OK | |
r-release-linux-x86_64 | 0.2.1 | 5.67 | 43.73 | 49.40 | OK | |
r-release-macos-arm64 | 0.2.1 | 29.00 | OK | |||
r-release-macos-x86_64 | 0.2.1 | 50.00 | OK | |||
r-release-windows-x86_64 | 0.2.1 | 10.00 | 64.00 | 74.00 | OK | |
r-oldrel-macos-arm64 | 0.2.1 | 26.00 | OK | |||
r-oldrel-macos-x86_64 | 0.2.1 | 39.00 | OK | |||
r-oldrel-windows-x86_64 | 0.2.1 | 10.00 | 78.00 | 88.00 | OK |
Version: 0.2.1
Check: HTML version of manual
Result: NOTE
Found the following HTML validation problems:
add_results.html:52:1 (add_results.Rd:12): Warning: missing </ul> before </div>
convert_error_df.html:46:1 (convert_error_df.Rd:10): Warning: missing </ul> before </div>
get_assert_method.html:53:1 (get_assert_method.Rd:15): Warning: missing </ul> before </div>
get_results.html:81:1 (get_results.Rd:13): Warning: missing </ul> before </div>
render_raw_report_ui.html:64:1 (render_raw_report_ui.Rd:21): Warning: missing </ul> before </div>
render_semantic_report_ui.html:69:1 (render_semantic_report_ui.Rd:25): Warning: missing </ul> before </div>
save_report.html:79:1 (save_report.Rd:33): Warning: missing </ul> before </div>
save_results.html:61:1 (save_results.Rd:19): Warning: missing </ul> before </div>
save_summary.html:68:1 (save_summary.Rd:24): Warning: missing </ul> before </div>
validate.html:57:1 (validate.Rd:14): Warning: missing </ul> before </div>
Flavor: r-devel-linux-x86_64-debian-gcc