Last updated on 2025-11-20 03:50:05 CET.
| Flavor | Version | Tinstall | Tcheck | Ttotal | Status | Flags |
|---|---|---|---|---|---|---|
| r-devel-linux-x86_64-debian-clang | 3.1.0 | 374.19 | 110.57 | 484.76 | NOTE | |
| r-devel-linux-x86_64-debian-gcc | 3.1.0 | 282.16 | 78.70 | 360.86 | NOTE | |
| r-devel-linux-x86_64-fedora-clang | 3.1.0 | 2580.00 | -1507.48 | 1072.52 | NOTE | |
| r-devel-linux-x86_64-fedora-gcc | 3.1.0 | 2160.00 | -1095.30 | 1064.70 | NOTE | |
| r-devel-windows-x86_64 | 3.1.0 | 522.00 | 145.00 | 667.00 | NOTE | |
| r-patched-linux-x86_64 | 3.1.0 | 409.98 | 97.43 | 507.41 | NOTE | |
| r-release-linux-x86_64 | 3.1.0 | 419.35 | 96.90 | 516.25 | NOTE | |
| r-release-macos-arm64 | 3.1.0 | NOTE | ||||
| r-release-macos-x86_64 | 3.1.0 | 104.00 | 117.00 | 221.00 | NOTE | |
| r-release-windows-x86_64 | 3.1.0 | 489.00 | 147.00 | 636.00 | NOTE | |
| r-oldrel-macos-arm64 | 3.1.0 | NOTE | ||||
| r-oldrel-macos-x86_64 | 3.1.0 | 130.00 | 148.00 | 278.00 | NOTE | |
| r-oldrel-windows-x86_64 | 3.1.0 | 583.00 | 180.00 | 763.00 | OK |
Version: 3.1.0
Check: CRAN incoming feasibility
Result: NOTE
Maintainer: ‘Sebastian Krantz <sebastian.krantz@graduateinstitute.ch>’
The BugReports field in DESCRIPTION has
https://github.com/r-barnes/dggridR/
which should likely be
https://github.com/r-barnes/dggridR/issues
instead.
Flavors: r-devel-linux-x86_64-debian-clang, r-devel-linux-x86_64-debian-gcc
Version: 3.1.0
Check: DESCRIPTION meta-information
Result: NOTE
Missing dependency on R >= 4.1.0 because package code uses the pipe
|> or function shorthand \(...) syntax added in R 4.1.0.
File(s) using such syntax:
‘dggridR.R’
Flavors: r-devel-linux-x86_64-debian-clang, r-devel-linux-x86_64-debian-gcc, r-devel-linux-x86_64-fedora-clang, r-devel-linux-x86_64-fedora-gcc, r-devel-windows-x86_64, r-patched-linux-x86_64, r-release-linux-x86_64, r-release-macos-arm64, r-release-macos-x86_64, r-release-windows-x86_64
Version: 3.1.0
Check: installed package size
Result: NOTE
installed size is 16.9Mb
sub-directories of 1Mb or more:
doc 1.5Mb
libs 15.0Mb
Flavors: r-oldrel-macos-arm64, r-oldrel-macos-x86_64