Last updated on 2024-05-21 02:01:59 CEST.
Flavor | Version | Tinstall | Tcheck | Ttotal | Status | Flags |
---|---|---|---|---|---|---|
r-devel-linux-x86_64-debian-clang | 1.0.1 | 29.46 | 28.52 | 57.98 | NOTE | |
r-devel-linux-x86_64-debian-gcc | 1.0.1 | 18.42 | 22.20 | 40.62 | NOTE | |
r-devel-linux-x86_64-fedora-clang | 1.0.1 | 77.85 | NOTE | |||
r-devel-linux-x86_64-fedora-gcc | 1.0.1 | 75.33 | NOTE | |||
r-devel-windows-x86_64 | 1.0.1 | 23.00 | 63.00 | 86.00 | NOTE | |
r-patched-linux-x86_64 | 1.0.1 | 25.96 | 27.27 | 53.23 | NOTE | |
r-release-linux-x86_64 | 1.0.1 | 23.03 | 27.57 | 50.60 | NOTE | |
r-release-macos-arm64 | 1.0.1 | 22.00 | NOTE | |||
r-release-windows-x86_64 | 1.0.1 | 23.00 | 63.00 | 86.00 | NOTE | |
r-oldrel-macos-arm64 | 1.0.1 | 27.00 | NOTE | |||
r-oldrel-macos-x86_64 | 1.0.1 | 37.00 | NOTE | |||
r-oldrel-windows-x86_64 | 1.0.1 | 28.00 | 68.00 | 96.00 | NOTE |
Version: 1.0.1
Check: C++ specification
Result: NOTE
Specified C++11: please drop specification unless essential
Flavors: r-devel-linux-x86_64-debian-clang, r-devel-linux-x86_64-debian-gcc, r-devel-linux-x86_64-fedora-clang, r-devel-linux-x86_64-fedora-gcc, r-devel-windows-x86_64, r-patched-linux-x86_64, r-release-linux-x86_64, r-release-macos-arm64, r-release-windows-x86_64, r-oldrel-macos-arm64, r-oldrel-macos-x86_64, r-oldrel-windows-x86_64