Last updated on 2025-11-20 02:49:12 CET.
| Flavor | Version | Tinstall | Tcheck | Ttotal | Status | Flags |
|---|---|---|---|---|---|---|
| r-devel-linux-x86_64-debian-clang | 1.1.0 | 3.67 | 54.28 | 57.95 | NOTE | |
| r-devel-linux-x86_64-debian-gcc | 1.1.0 | 2.57 | 39.81 | 42.38 | NOTE | |
| r-devel-linux-x86_64-fedora-clang | 1.1.0 | 87.86 | NOTE | |||
| r-devel-linux-x86_64-fedora-gcc | 1.1.0 | 96.12 | NOTE | |||
| r-devel-windows-x86_64 | 1.1.0 | 8.00 | 69.00 | 77.00 | NOTE | |
| r-patched-linux-x86_64 | 1.1.0 | 3.71 | 49.35 | 53.06 | NOTE | |
| r-release-linux-x86_64 | 1.1.0 | 3.29 | 50.11 | 53.40 | NOTE | |
| r-release-macos-arm64 | 1.1.0 | NOTE | ||||
| r-release-macos-x86_64 | 1.1.0 | 3.00 | 60.00 | 63.00 | NOTE | |
| r-release-windows-x86_64 | 1.1.0 | 8.00 | 68.00 | 76.00 | NOTE | |
| r-oldrel-macos-arm64 | 1.1.0 | OK | ||||
| r-oldrel-macos-x86_64 | 1.1.0 | 3.00 | 47.00 | 50.00 | OK | |
| r-oldrel-windows-x86_64 | 1.1.0 | 7.00 | 85.00 | 92.00 | OK |
Version: 1.1.0
Check: DESCRIPTION meta-information
Result: NOTE
Missing dependency on R >= 4.1.0 because package code uses the pipe
|> or function shorthand \(...) syntax added in R 4.1.0.
File(s) using such syntax:
‘dilp_functions.R’
Flavors: r-devel-linux-x86_64-debian-clang, r-devel-linux-x86_64-debian-gcc, r-devel-linux-x86_64-fedora-clang, r-devel-linux-x86_64-fedora-gcc, r-devel-windows-x86_64, r-patched-linux-x86_64, r-release-linux-x86_64, r-release-macos-arm64, r-release-macos-x86_64, r-release-windows-x86_64