Last updated on 2025-11-20 02:49:12 CET.
| Flavor | Version | Tinstall | Tcheck | Ttotal | Status | Flags |
|---|---|---|---|---|---|---|
| r-devel-linux-x86_64-debian-clang | 0.2.1 | 2.07 | 79.11 | 81.18 | NOTE | |
| r-devel-linux-x86_64-debian-gcc | 0.2.1 | 1.52 | 54.26 | 55.78 | NOTE | |
| r-devel-linux-x86_64-fedora-clang | 0.2.1 | 131.02 | OK | |||
| r-devel-linux-x86_64-fedora-gcc | 0.2.1 | 141.50 | OK | |||
| r-devel-windows-x86_64 | 0.2.1 | 5.00 | 92.00 | 97.00 | OK | |
| r-patched-linux-x86_64 | 0.2.1 | 2.19 | 75.56 | 77.75 | OK | |
| r-release-linux-x86_64 | 0.2.1 | 1.69 | 73.49 | 75.18 | OK | |
| r-release-macos-arm64 | 0.2.1 | OK | ||||
| r-release-macos-x86_64 | 0.2.1 | 2.00 | 97.00 | 99.00 | OK | |
| r-release-windows-x86_64 | 0.2.1 | 4.00 | 90.00 | 94.00 | OK | |
| r-oldrel-macos-arm64 | 0.2.1 | OK | ||||
| r-oldrel-macos-x86_64 | 0.2.1 | 2.00 | 71.00 | 73.00 | OK | |
| r-oldrel-windows-x86_64 | 0.2.1 | 5.00 | 115.00 | 120.00 | OK |
Version: 0.2.1
Check: CRAN incoming feasibility
Result: NOTE
Maintainer: ‘Njål Foldnes <njal.foldnes@gmail.com>’
Package CITATION file contains call(s) to old-style personList() or
as.personList(). Please use c() on person objects instead.
Package CITATION file contains call(s) to old-style citEntry(). Please
use bibentry() instead.
Flavors: r-devel-linux-x86_64-debian-clang, r-devel-linux-x86_64-debian-gcc