CRAN Package Check Results for Package eBsc

Last updated on 2025-11-19 01:48:46 CET.

Flavor Version Tinstall Tcheck Ttotal Status Flags
r-devel-linux-x86_64-debian-clang 4.17 37.27 74.94 112.21 NOTE
r-devel-linux-x86_64-debian-gcc 4.17 24.21 59.40 83.61 NOTE
r-devel-linux-x86_64-fedora-clang 4.17 77.00 118.05 195.05 OK
r-devel-linux-x86_64-fedora-gcc 4.17 85.00 98.94 183.94 OK
r-devel-windows-x86_64 4.17 50.00 99.00 149.00 OK
r-patched-linux-x86_64 4.17 36.99 74.77 111.76 OK
r-release-linux-x86_64 4.17 39.59 75.88 115.47 OK
r-release-macos-arm64 4.17 16.00 38.00 54.00 OK
r-release-macos-x86_64 4.17 42.00 94.00 136.00 OK
r-release-windows-x86_64 4.17 43.00 103.00 146.00 OK
r-oldrel-macos-arm64 4.17 14.00 36.00 50.00 OK
r-oldrel-macos-x86_64 4.17 19.00 52.00 71.00 OK
r-oldrel-windows-x86_64 4.17 55.00 131.00 186.00 OK

Additional issues

Intel

Check Details

Version: 4.17
Check: CRAN incoming feasibility
Result: NOTE Maintainer: ‘Francisco Rosales <francisco.rosales-marticorena@protonmail.com>’ No Authors@R field in DESCRIPTION. Please add one, modifying Authors@R: c(person(given = "Francisco", family = "Rosales", role = c("aut", "cre"), email = "francisco.rosales-marticorena@protonmail.com"), person(given = "Tatyana", family = "Krivobokova", role = "aut"), person(given = "Paulo", family = "Serra.", role = "aut")) as necessary. The Description field contains and "Klockmann" (2021) <arXiv:1812.06948> for details. Please refer to arXiv e-prints via their arXiv DOI <doi:10.48550/arXiv.YYMM.NNNNN>. Flavors: r-devel-linux-x86_64-debian-clang, r-devel-linux-x86_64-debian-gcc