Last updated on 2025-10-22 01:51:23 CEST.
Flavor | Version | Tinstall | Tcheck | Ttotal | Status | Flags |
---|---|---|---|---|---|---|
r-devel-linux-x86_64-debian-clang | 0.11.0 | 12.98 | 323.04 | 336.02 | NOTE | |
r-devel-linux-x86_64-debian-gcc | 0.11.0 | 9.66 | 189.21 | 198.87 | NOTE | |
r-devel-linux-x86_64-fedora-clang | 0.11.0 | 96.00 | 435.26 | 531.26 | OK | |
r-devel-linux-x86_64-fedora-gcc | 0.11.0 | 26.00 | 422.20 | 448.20 | OK | |
r-devel-windows-x86_64 | 0.11.0 | 15.00 | 255.00 | 270.00 | OK | |
r-patched-linux-x86_64 | 0.11.0 | 13.23 | 256.91 | 270.14 | OK | |
r-release-linux-x86_64 | 0.11.0 | 13.07 | 259.16 | 272.23 | OK | |
r-release-macos-arm64 | 0.11.0 | 7.00 | 171.00 | 178.00 | OK | |
r-release-macos-x86_64 | 0.11.0 | 11.00 | 322.00 | 333.00 | OK | |
r-release-windows-x86_64 | 0.11.0 | 15.00 | 261.00 | 276.00 | OK | |
r-oldrel-macos-arm64 | 0.11.0 | 6.00 | 172.00 | 178.00 | OK | |
r-oldrel-macos-x86_64 | 0.11.0 | 10.00 | 219.00 | 229.00 | OK | |
r-oldrel-windows-x86_64 | 0.11.0 | 22.00 | 331.00 | 353.00 | OK |
Version: 0.11.0
Check: CRAN incoming feasibility
Result: NOTE
Maintainer: ‘Teemu Daniel Laajala <teelaa@utu.fi>’
No Authors@R field in DESCRIPTION.
Please add one, modifying
Authors@R: c(person(given = c("Teemu", "Daniel"),
family = "Laajala",
role = c("aut", "cre"),
email = "teelaa@utu.fi"),
person(given = "Mika",
family = "Murtojarvi",
role = "ctb",
email = "mianmu2@hotmail.com"))
as necessary.
Flavors: r-devel-linux-x86_64-debian-clang, r-devel-linux-x86_64-debian-gcc
Version: 0.11.0
Check: HTML version of manual
Result: NOTE
Found the following HTML validation problems:
PEP-methods.html:74:1 (PEP-methods.Rd:24): Warning: missing </ul> before </div>
Flavors: r-devel-linux-x86_64-debian-clang, r-devel-linux-x86_64-debian-gcc