Last updated on 2025-11-20 02:49:12 CET.
| Flavor | Version | Tinstall | Tcheck | Ttotal | Status | Flags |
|---|---|---|---|---|---|---|
| r-devel-linux-x86_64-debian-clang | 2.1.1 | 24.04 | 195.51 | 219.55 | NOTE | |
| r-devel-linux-x86_64-debian-gcc | 2.1.1 | 15.46 | 128.21 | 143.67 | NOTE | |
| r-devel-linux-x86_64-fedora-clang | 2.1.1 | 56.00 | 260.56 | 316.56 | NOTE | |
| r-devel-linux-x86_64-fedora-gcc | 2.1.1 | 55.00 | 255.48 | 310.48 | NOTE | |
| r-devel-windows-x86_64 | 2.1.1 | 44.00 | 227.00 | 271.00 | NOTE | |
| r-patched-linux-x86_64 | 2.1.1 | 20.58 | 177.09 | 197.67 | NOTE | |
| r-release-linux-x86_64 | 2.1.1 | 20.70 | 175.63 | 196.33 | NOTE | |
| r-release-macos-arm64 | 2.1.1 | NOTE | ||||
| r-release-macos-x86_64 | 2.1.1 | 27.00 | 382.00 | 409.00 | NOTE | |
| r-release-windows-x86_64 | 2.1.1 | 33.00 | 224.00 | 257.00 | NOTE | |
| r-oldrel-macos-arm64 | 2.1.1 | NOTE | ||||
| r-oldrel-macos-x86_64 | 2.1.1 | 21.00 | 187.00 | 208.00 | NOTE | |
| r-oldrel-windows-x86_64 | 2.1.1 | 42.00 | 274.00 | 316.00 | NOTE |
Version: 2.1.1
Check: Rd files
Result: NOTE
checkRd: (-1) transformFitness.Rd:25: Lost braces; missing escapes or markup?
25 | minimization (most others). This function computes a factor from {-1, 1} for
| ^
Flavors: r-devel-linux-x86_64-debian-clang, r-devel-linux-x86_64-debian-gcc, r-devel-linux-x86_64-fedora-clang, r-devel-linux-x86_64-fedora-gcc, r-devel-windows-x86_64, r-patched-linux-x86_64, r-release-linux-x86_64, r-release-macos-arm64, r-release-macos-x86_64, r-release-windows-x86_64, r-oldrel-macos-arm64, r-oldrel-macos-x86_64, r-oldrel-windows-x86_64