Last updated on 2025-10-02 01:49:55 CEST.
Flavor | Version | Tinstall | Tcheck | Ttotal | Status | Flags |
---|---|---|---|---|---|---|
r-devel-linux-x86_64-debian-clang | 0.1.0 | 113.68 | 30.52 | 144.20 | OK | |
r-devel-linux-x86_64-debian-gcc | 0.1.0 | 72.28 | 24.45 | 96.73 | WARN | |
r-devel-linux-x86_64-fedora-clang | 0.1.0 | 258.05 | ERROR | |||
r-devel-linux-x86_64-fedora-gcc | 0.1.0 | 268.55 | WARN | |||
r-devel-windows-x86_64 | 0.1.0 | 235.00 | 84.00 | 319.00 | OK | |
r-patched-linux-x86_64 | 0.1.0 | 107.26 | 29.17 | 136.43 | WARN | |
r-release-linux-x86_64 | 0.1.0 | 107.79 | 29.20 | 136.99 | WARN | |
r-release-macos-arm64 | 0.1.0 | 13.00 | ERROR | |||
r-release-macos-x86_64 | 0.1.0 | 34.00 | ERROR | |||
r-release-windows-x86_64 | 0.1.0 | 238.00 | 85.00 | 323.00 | OK | |
r-oldrel-macos-arm64 | 0.1.0 | 16.00 | ERROR | |||
r-oldrel-macos-x86_64 | 0.1.0 | 31.00 | ERROR | |||
r-oldrel-windows-x86_64 | 0.1.0 | 246.00 | 106.00 | 352.00 | OK |
Version: 0.1.0
Check: whether package can be installed
Result: WARN
Found the following significant warnings:
./ggml/ggml.h:359:80: warning: ‘r_printf’ is an unrecognized format function type [-Wformat=]
./ggml/ggml.h:836:108: warning: ‘r_printf’ is an unrecognized format function type [-Wformat=]
See ‘/home/hornik/tmp/R.check/r-devel-gcc/Work/PKGS/edgemodelr.Rcheck/00install.out’ for details.
* used C++ compiler: ‘g++-15 (Debian 15.2.0-4) 15.2.0’
Flavor: r-devel-linux-x86_64-debian-gcc
Version: 0.1.0
Check: whether package can be installed
Result: ERROR
Installation failed.
Flavors: r-devel-linux-x86_64-fedora-clang, r-release-macos-arm64, r-release-macos-x86_64, r-oldrel-macos-arm64, r-oldrel-macos-x86_64
Version: 0.1.0
Check: whether package can be installed
Result: WARN
Found the following significant warnings:
./ggml/ggml.h:359:80: warning: ‘r_printf’ is an unrecognized format function type [-Wformat=]
./ggml/ggml.h:836:108: warning: ‘r_printf’ is an unrecognized format function type [-Wformat=]
See ‘/data/gannet/ripley/R/packages/tests-devel/edgemodelr.Rcheck/00install.out’ for details.
* used C++ compiler: ‘g++ (GCC) 15.1.1 20250521 (Red Hat 15.1.1-2)’
Flavor: r-devel-linux-x86_64-fedora-gcc
Version: 0.1.0
Check: whether package can be installed
Result: WARN
Found the following significant warnings:
./ggml/ggml.h:359:80: warning: ‘r_printf’ is an unrecognized format function type [-Wformat=]
./ggml/ggml.h:836:108: warning: ‘r_printf’ is an unrecognized format function type [-Wformat=]
See ‘/home/hornik/tmp/R.check/r-patched-gcc/Work/PKGS/edgemodelr.Rcheck/00install.out’ for details.
* used C++ compiler: ‘g++-14 (Debian 14.3.0-8) 14.3.0’
Flavor: r-patched-linux-x86_64
Version: 0.1.0
Check: whether package can be installed
Result: WARN
Found the following significant warnings:
./ggml/ggml.h:359:80: warning: ‘r_printf’ is an unrecognized format function type [-Wformat=]
./ggml/ggml.h:836:108: warning: ‘r_printf’ is an unrecognized format function type [-Wformat=]
See ‘/home/hornik/tmp/R.check/r-release-gcc/Work/PKGS/edgemodelr.Rcheck/00install.out’ for details.
* used C++ compiler: ‘g++-14 (Debian 14.3.0-8) 14.3.0’
Flavor: r-release-linux-x86_64