CRAN Package Check Results for Package eia

Last updated on 2025-11-20 02:49:13 CET.

Flavor Version Tinstall Tcheck Ttotal Status Flags
r-devel-linux-x86_64-debian-clang 0.4.2 3.98 45.36 49.34 NOTE
r-devel-linux-x86_64-debian-gcc 0.4.2 3.08 34.66 37.74 NOTE
r-devel-linux-x86_64-fedora-clang 0.4.2 11.00 66.33 77.33 NOTE
r-devel-linux-x86_64-fedora-gcc 0.4.2 84.29 NOTE
r-devel-windows-x86_64 0.4.2 7.00 62.00 69.00 NOTE
r-patched-linux-x86_64 0.4.2 3.55 41.62 45.17 NOTE
r-release-linux-x86_64 0.4.2 4.19 40.91 45.10 NOTE
r-release-macos-arm64 0.4.2 NOTE
r-release-macos-x86_64 0.4.2 4.00 59.00 63.00 NOTE
r-release-windows-x86_64 0.4.2 6.00 62.00 68.00 NOTE
r-oldrel-macos-arm64 0.4.2 OK
r-oldrel-macos-x86_64 0.4.2 3.00 43.00 46.00 OK
r-oldrel-windows-x86_64 0.4.2 8.00 68.00 76.00 OK

Check Details

Version: 0.4.2
Check: DESCRIPTION meta-information
Result: NOTE Missing dependency on R >= 4.1.0 because package code uses the pipe |> or function shorthand \(...) syntax added in R 4.1.0. File(s) using such syntax: ‘directory.R’ ‘facets.R’ ‘metadata.R’ Flavors: r-devel-linux-x86_64-debian-clang, r-devel-linux-x86_64-debian-gcc, r-devel-linux-x86_64-fedora-clang, r-devel-linux-x86_64-fedora-gcc, r-devel-windows-x86_64, r-patched-linux-x86_64, r-release-linux-x86_64, r-release-macos-arm64, r-release-macos-x86_64, r-release-windows-x86_64