CRAN Package Check Results for Package erp.easy

Last updated on 2025-11-20 02:49:13 CET.

Flavor Version Tinstall Tcheck Ttotal Status Flags
r-devel-linux-x86_64-debian-clang 1.1.0 3.07 29.53 32.60 OK
r-devel-linux-x86_64-debian-gcc 1.1.0 2.32 23.09 25.41 OK
r-devel-linux-x86_64-fedora-clang 1.1.0 49.52 NOTE
r-devel-linux-x86_64-fedora-gcc 1.1.0 47.46 NOTE
r-devel-windows-x86_64 1.1.0 5.00 47.00 52.00 OK
r-patched-linux-x86_64 1.1.0 3.49 27.63 31.12 OK
r-release-linux-x86_64 1.1.0 3.06 27.36 30.42 OK
r-release-macos-arm64 1.1.0 OK
r-release-macos-x86_64 1.1.0 4.00 31.00 35.00 OK
r-release-windows-x86_64 1.1.0 4.00 47.00 51.00 OK
r-oldrel-macos-arm64 1.1.0 OK
r-oldrel-macos-x86_64 1.1.0 3.00 23.00 26.00 OK
r-oldrel-windows-x86_64 1.1.0 5.00 54.00 59.00 OK

Check Details

Version: 1.1.0
Check: dependencies in R code
Result: NOTE Namespace in Imports field not imported from: ‘signal’ All declared Imports should be used. Flavors: r-devel-linux-x86_64-fedora-clang, r-devel-linux-x86_64-fedora-gcc