Last updated on 2024-07-18 01:55:30 CEST.
Flavor | Version | Tinstall | Tcheck | Ttotal | Status | Flags |
---|---|---|---|---|---|---|
r-devel-linux-x86_64-debian-clang | 0.8.10 | 28.79 | 269.06 | 297.85 | NOTE | |
r-devel-linux-x86_64-debian-gcc | 0.8.10 | 22.80 | 195.01 | 217.81 | NOTE | |
r-devel-linux-x86_64-fedora-clang | 0.8.10 | 394.69 | NOTE | |||
r-devel-linux-x86_64-fedora-gcc | 0.8.10 | 363.99 | NOTE | |||
r-devel-windows-x86_64 | 0.8.10 | 25.00 | 195.00 | 220.00 | NOTE | |
r-patched-linux-x86_64 | 0.8.10 | 36.75 | 251.47 | 288.22 | NOTE | |
r-release-linux-x86_64 | 0.8.10 | 28.28 | 254.77 | 283.05 | NOTE | |
r-release-macos-arm64 | 0.8.10 | 89.00 | NOTE | |||
r-release-macos-x86_64 | 0.8.10 | 128.00 | NOTE | |||
r-release-windows-x86_64 | 0.8.10 | 25.00 | 197.00 | 222.00 | NOTE | |
r-oldrel-macos-arm64 | 0.8.10 | 82.00 | NOTE | |||
r-oldrel-macos-x86_64 | 0.8.10 | 143.00 | NOTE | |||
r-oldrel-windows-x86_64 | 0.8.10 | 24.00 | 248.00 | 272.00 | NOTE |
Version: 0.8.10
Check: Rd files
Result: NOTE
checkRd: (-1) Snoring.Rd:21: Escaped LaTeX specials: \&
Flavors: r-devel-linux-x86_64-debian-clang, r-devel-linux-x86_64-debian-gcc, r-devel-linux-x86_64-fedora-clang, r-devel-linux-x86_64-fedora-gcc, r-devel-windows-x86_64, r-patched-linux-x86_64, r-release-linux-x86_64, r-release-macos-arm64, r-release-macos-x86_64, r-release-windows-x86_64, r-oldrel-macos-arm64, r-oldrel-macos-x86_64, r-oldrel-windows-x86_64