Last updated on 2025-10-23 02:49:54 CEST.
Flavor | Version | Tinstall | Tcheck | Ttotal | Status | Flags |
---|---|---|---|---|---|---|
r-devel-linux-x86_64-debian-clang | 1.0 | 2.03 | 25.63 | 27.66 | NOTE | |
r-devel-linux-x86_64-debian-gcc | 1.0 | 1.55 | 20.47 | 22.02 | NOTE | |
r-devel-linux-x86_64-fedora-clang | 1.0 | 40.00 | OK | |||
r-devel-linux-x86_64-fedora-gcc | 1.0 | 38.07 | OK | |||
r-devel-windows-x86_64 | 1.0 | 3.00 | 49.00 | 52.00 | OK | |
r-patched-linux-x86_64 | 1.0 | 1.95 | 23.86 | 25.81 | OK | |
r-release-linux-x86_64 | 1.0 | 1.74 | 23.83 | 25.57 | OK | |
r-release-macos-arm64 | 1.0 | 2.00 | 18.00 | 20.00 | OK | |
r-release-macos-x86_64 | 1.0 | 3.00 | 38.00 | 41.00 | OK | |
r-release-windows-x86_64 | 1.0 | 3.00 | 48.00 | 51.00 | OK | |
r-oldrel-macos-arm64 | 1.0 | 1.00 | 17.00 | 18.00 | OK | |
r-oldrel-macos-x86_64 | 1.0 | 2.00 | 23.00 | 25.00 | OK | |
r-oldrel-windows-x86_64 | 1.0 | 5.00 | 55.00 | 60.00 | OK |
Version: 1.0
Check: CRAN incoming feasibility
Result: NOTE
Maintainer: ‘Edoardo Vignotto <edoardo.vignotto@unige.ch>’
The Description field contains
Vignotto, E., & Engelke, S. (2018) <arXiv:1808.09902>.
Please refer to arXiv e-prints via their arXiv DOI <doi:10.48550/arXiv.YYMM.NNNNN>.
Flavors: r-devel-linux-x86_64-debian-clang, r-devel-linux-x86_64-debian-gcc