Last updated on 2025-11-19 01:48:47 CET.
| Flavor | Version | Tinstall | Tcheck | Ttotal | Status | Flags |
|---|---|---|---|---|---|---|
| r-devel-linux-x86_64-debian-clang | 0.1-8 | 7.11 | 57.81 | 64.92 | OK | |
| r-devel-linux-x86_64-debian-gcc | 0.1-8 | 5.58 | 43.13 | 48.71 | OK | |
| r-devel-linux-x86_64-fedora-clang | 0.1-8 | 15.00 | 84.40 | 99.40 | OK | |
| r-devel-linux-x86_64-fedora-gcc | 0.1-8 | 42.00 | 59.65 | 101.65 | OK | |
| r-devel-windows-x86_64 | 0.1-8 | 9.00 | 66.00 | 75.00 | NOTE | |
| r-patched-linux-x86_64 | 0.1-8 | 6.91 | 53.93 | 60.84 | OK | |
| r-release-linux-x86_64 | 0.1-8 | 6.64 | 54.52 | 61.16 | OK | |
| r-release-macos-arm64 | 0.1-8 | 3.00 | 27.00 | 30.00 | OK | |
| r-release-macos-x86_64 | 0.1-8 | 6.00 | 46.00 | 52.00 | OK | |
| r-release-windows-x86_64 | 0.1-8 | 9.00 | 66.00 | 75.00 | OK | |
| r-oldrel-macos-arm64 | 0.1-8 | 3.00 | 33.00 | 36.00 | OK | |
| r-oldrel-macos-x86_64 | 0.1-8 | 10.00 | 62.00 | 72.00 | OK | |
| r-oldrel-windows-x86_64 | 0.1-8 | 11.00 | 80.00 | 91.00 | OK |
Version: 0.1-8
Check: Rd files
Result: NOTE
checkRd: (-1) face-package.Rd:10-16: Only 2 columns allowed in this table (row 5 has 1)
Flavor: r-devel-windows-x86_64