Last updated on 2025-11-24 02:50:02 CET.
| Flavor | Version | Tinstall | Tcheck | Ttotal | Status | Flags |
|---|---|---|---|---|---|---|
| r-devel-linux-x86_64-debian-clang | 0.6.0 | 33.09 | 641.06 | 674.15 | OK | |
| r-devel-linux-x86_64-debian-gcc | 0.6.0 | 22.73 | 485.56 | 508.29 | OK | |
| r-devel-linux-x86_64-fedora-clang | 0.6.0 | 268.00 | 816.52 | 1084.52 | NOTE | |
| r-devel-linux-x86_64-fedora-gcc | 0.6.0 | 151.00 | 926.82 | 1077.82 | OK | |
| r-devel-windows-x86_64 | 0.6.0 | 36.00 | 633.00 | 669.00 | OK | |
| r-patched-linux-x86_64 | 0.6.0 | 31.12 | 604.74 | 635.86 | OK | |
| r-release-linux-x86_64 | 0.6.0 | 30.12 | 610.47 | 640.59 | OK | |
| r-release-macos-arm64 | 0.6.0 | OK | ||||
| r-release-macos-x86_64 | 0.6.0 | 27.00 | 330.00 | 357.00 | OK | |
| r-release-windows-x86_64 | 0.6.0 | 33.00 | 633.00 | 666.00 | OK | |
| r-oldrel-macos-arm64 | 0.6.0 | OK | ||||
| r-oldrel-macos-x86_64 | 0.6.0 | 27.00 | 349.00 | 376.00 | OK | |
| r-oldrel-windows-x86_64 | 0.6.0 | 45.00 | 760.00 | 805.00 | OK |
Version: 0.6.0
Check: foreign function calls
Result: NOTE
Failed to query server: Connection timed out
See chapter ‘System and foreign language interfaces’ in the ‘Writing R
Extensions’ manual.
Flavor: r-devel-linux-x86_64-fedora-clang