Last updated on 2025-10-23 02:49:55 CEST.
Flavor | Version | Tinstall | Tcheck | Ttotal | Status | Flags |
---|---|---|---|---|---|---|
r-devel-linux-x86_64-debian-clang | 0.1.3 | 7.42 | 503.79 | 511.21 | OK | |
r-devel-linux-x86_64-debian-gcc | 0.1.3 | 5.12 | 286.89 | 292.01 | OK | |
r-devel-linux-x86_64-fedora-clang | 0.1.3 | 20.00 | 810.83 | 830.83 | OK | |
r-devel-linux-x86_64-fedora-gcc | 0.1.3 | 16.00 | 770.23 | 786.23 | OK | |
r-devel-windows-x86_64 | 0.1.3 | 11.00 | 432.00 | 443.00 | OK | |
r-patched-linux-x86_64 | 0.1.3 | 6.27 | 470.06 | 476.33 | OK | |
r-release-linux-x86_64 | 0.1.3 | 5.16 | 472.58 | 477.74 | OK | |
r-release-macos-arm64 | 0.1.3 | 3.00 | 186.00 | 189.00 | OK | |
r-release-macos-x86_64 | 0.1.3 | 7.00 | 478.00 | 485.00 | OK | |
r-release-windows-x86_64 | 0.1.3 | 13.00 | 433.00 | 446.00 | OK | |
r-oldrel-macos-arm64 | 0.1.3 | 3.00 | 185.00 | 188.00 | NOTE | |
r-oldrel-macos-x86_64 | 0.1.3 | 8.00 | 446.00 | 454.00 | NOTE | |
r-oldrel-windows-x86_64 | 0.1.3 | 15.00 | 607.00 | 622.00 | NOTE |
Version: 0.1.3
Check: installed package size
Result: NOTE
installed size is 10.0Mb
sub-directories of 1Mb or more:
doc 6.3Mb
js 3.4Mb
Flavors: r-oldrel-macos-arm64, r-oldrel-macos-x86_64, r-oldrel-windows-x86_64