CRAN Package Check Results for Package fscache

Last updated on 2025-10-21 01:48:32 CEST.

Flavor Version Tinstall Tcheck Ttotal Status Flags
r-devel-linux-x86_64-debian-clang 1.0.5 4.29 41.75 46.04 OK
r-devel-linux-x86_64-debian-gcc 1.0.5 3.49 33.41 36.90 NOTE
r-devel-linux-x86_64-fedora-clang 1.0.5 72.43 OK
r-devel-linux-x86_64-fedora-gcc 1.0.5 82.21 OK
r-devel-windows-x86_64 1.0.5 5.00 61.00 66.00 OK
r-patched-linux-x86_64 1.0.5 3.98 40.20 44.18 OK
r-release-linux-x86_64 1.0.5 3.37 39.93 43.30 OK
r-release-macos-arm64 1.0.5 41.00 OK
r-release-macos-x86_64 1.0.5 55.00 OK
r-release-windows-x86_64 1.0.5 6.00 60.00 66.00 OK
r-oldrel-macos-arm64 1.0.5 35.00 OK
r-oldrel-macos-x86_64 1.0.5 60.00 OK
r-oldrel-windows-x86_64 1.0.5 7.00 70.00 77.00 OK

Check Details

Version: 1.0.5
Check: HTML version of manual
Result: NOTE Found the following HTML validation problems: Cache.html:214:1 (Cache.Rd:502): Warning: <h5> anchor "Usage" already defined Cache.html:220:1 (Cache.Rd:506): Warning: <h5> anchor "Returns" already defined Cache.html:228:1 (Cache.Rd:510): Warning: <h5> anchor "Examples" already defined Cache.html:260:1 (Cache.Rd:537): Warning: <h5> anchor "Usage" already defined Cache.html:266:1 (Cache.Rd:541): Warning: <h5> anchor "Returns" already defined Cache.html:274:1 (Cache.Rd:545): Warning: <h5> anchor "Examples" already defined Cache.html:305:1 (Cache.Rd:571): Warning: <h5> anchor "Usage" already defined Cache.html:311:1 (Cache.Rd:575): Warning: <h5> anchor "Arguments" already defined Cache.html:325:1 (Cache.Rd:583): Warning: <h5> anchor "Returns" already defined Cache.html:332:1 (Cache.Rd:586): Warning: <h5> anchor "Examples" already defined Cache.html:361:1 (Cache.Rd:610): Warning: <h5> anchor "Usage" already defined Cache.html:367:1 (Cache.Rd:614): Warning: <h5> anchor "Arguments" already defined Cache.html:381:1 (Cache.Rd:622): Warning: <h5> anchor "Returns" already defined Cache.html:388:1 (Cache.Rd:625): Warning: <h5> anchor "Examples" already defined Cache.html:418:1 (Cache.Rd:650): Warning: <h5> anchor "Usage" already defined Cache.html:429:1 (Cache.Rd:659): Warning: <h5> anchor "Arguments" already defined Cache.html:451:1 (Cache.Rd:675): Warning: <h5> anchor "Returns" already defined Cache.html:458:1 (Cache.Rd:678): Warning: <h5> anchor "Examples" already defined Cache.html:488:1 (Cache.Rd:703): Warning: <h5> anchor "Usage" already defined Cache.html:494:1 (Cache.Rd:707): Warning: <h5> anchor "Arguments" already defined Cache.html:510:1 (Cache.Rd:717): Warning: <h5> anchor "Returns" already defined Cache.html:517:1 (Cache.Rd:720): Warning: <h5> anchor "Examples" already defined Cache.html:549:1 (Cache.Rd:747): Warning: <h5> anchor "Usage" already defined Cache.html:555:1 (Cache.Rd:751): Warning: <h5> anchor "Arguments" already defined Cache.html:575:1 (Cache.Rd:765): Warning: <h5> anchor "Returns" already defined Cache.html:583:1 (Cache.Rd:769): Warning: <h5> anchor "Examples" already defined Cache.html:616:1 (Cache.Rd:797): Warning: <h5> anchor "Usage" already defined Cache.html:629:1 (Cache.Rd:808): Warning: <h5> anchor "Arguments" already defined Cache.html:656:1 (Cache.Rd:829): Warning: <h5> anchor "Returns" already defined Cache.html:664:1 (Cache.Rd:833): Warning: <h5> anchor "Examples" already defined Cache.html:699:1 (Cache.Rd:863): Warning: <h5> anchor "Usage" already defined Cache.html:711:1 (Cache.Rd:873): Warning: <h5> anchor "Arguments" already defined Cache.html:736:1 (Cache.Rd:892): Warning: <h5> anchor "Returns" already defined Cache.html:743:1 (Cache.Rd:895): Warning: <h5> anchor "Examples" already defined Cache.html:774:1 (Cache.Rd:921): Warning: <h5> anchor "Usage" already defined Cache.html:780:1 (Cache.Rd:925): Warning: <h5> anchor "Arguments" already defined Cache.html:800:1 (Cache.Rd:939): Warning: <h5> anchor "Returns" already defined Cache.html:808:1 (Cache.Rd:943): Warning: <h5> anchor "Examples" already defined Cache.html:839:1 (Cache.Rd:969): Warning: <h5> anchor "Usage" already defined Cache.html:845:1 (Cache.Rd:973): Warning: <h5> anchor "Arguments" already defined Cache.html:865:1 (Cache.Rd:987): Warning: <h5> anchor "Returns" already defined Cache.html:873:1 (Cache.Rd:991): Warning: <h5> anchor "Examples" already defined Cache.html:902:1 (Cache.Rd:1015): Warning: <h5> anchor "Usage" already defined Cache.html:908:1 (Cache.Rd:1019): Warning: <h5> anchor "Arguments" already defined Cache.html:928:1 (Cache.Rd:1033): Warning: <h5> anchor "Returns" already defined Cache.html:935:1 (Cache.Rd:1036): Warning: <h5> anchor "Examples" already defined Cache.html:975:1 (Cache.Rd:1071): Warning: <h5> anchor "Usage" already defined Cache.html:981:1 (Cache.Rd:1075): Warning: <h5> anchor "Returns" already defined Cache.html:988:1 (Cache.Rd:1078): Warning: <h5> anchor "Examples" already defined Cache.html:1015:1 (Cache.Rd:1100): Warning: <h5> anchor "Usage" already defined Cache.html:1021:1 (Cache.Rd:1104): Warning: <h5> anchor "Returns" already defined Cache.html:1028:1 (Cache.Rd:1107): Warning: <h5> anchor "Examples" already defined Cache.html:1055:1 (Cache.Rd:1129): Warning: <h5> anchor "Usage" already defined Cache.html:1068:1 (Cache.Rd:1140): Warning: <h5> anchor "Arguments" already defined Cache.html:1096:1 (Cache.Rd:1162): Warning: <h5> anchor "Returns" already defined Cache.html:1103:1 (Cache.Rd:1165): Warning: <h5> anchor "Examples" already defined Cache.html:1139:1 (Cache.Rd:1196): Warning: <h5> anchor "Usage" already defined Cache.html:1151:1 (Cache.Rd:1206): Warning: <h5> anchor "Arguments" already defined Cache.html:1175:1 (Cache.Rd:1224): Warning: <h5> anchor "Returns" already defined Cache.html:1182:1 (Cache.Rd:1227): Warning: <h5> anchor "Examples" already defined Cache.html:1214:1 (Cache.Rd:1254): Warning: <h5> anchor "Usage" already defined Cache.html:1220:1 (Cache.Rd:1258): Warning: <h5> anchor "Arguments" already defined Cache.html:1242:1 (Cache.Rd:1274): Warning: <h5> anchor "Returns" already defined Cache.html:1251:1 (Cache.Rd:1279): Warning: <h5> anchor "Examples" already defined Cache.html:1289:1 (Cache.Rd:1312): Warning: <h5> anchor "Usage" already defined Cache.html:1300:1 (Cache.Rd:1321): Warning: <h5> anchor "Arguments" already defined Cache.html:1320:1 (Cache.Rd:1335): Warning: <h5> anchor "Returns" already defined Cache.html:1327:1 (Cache.Rd:1338): Warning: <h5> anchor "Examples" already defined Cache.html:1356:1 (Cache.Rd:1362): Warning: <h5> anchor "Usage" already defined Cache.html:1362:1 (Cache.Rd:1366): Warning: <h5> anchor "Arguments" already defined Cache.html:1378:1 (Cache.Rd:1376): Warning: <h5> anchor "Returns" already defined Cache.html:1385:1 (Cache.Rd:1379): Warning: <h5> anchor "Examples" already defined Cache.html:1416:1 (Cache.Rd:1405): Warning: <h5> anchor "Usage" already defined Cache.html:1433:1 (Cache.Rd:1420): Warning: <h5> anchor "Arguments" already defined Cache.html:1473:1 (Cache.Rd:1454): Warning: <h5> anchor "Returns" already defined Cache.html:1481:1 (Cache.Rd:1458): Warning: <h5> anchor "Examples" already defined Cache.html:1508:1 (Cache.Rd:1480): Warning: <h5> anchor "Usage" already defined Cache.html:1514:1 (Cache.Rd:1484): Warning: <h5> anchor "Returns" already defined Cache.html:1521:1 (Cache.Rd:1487): Warning: <h5> anchor "Examples" already defined Cache.html:1550:1 (Cache.Rd:1511): Warning: <h5> anchor "Usage" already defined Cache.html:1556:1 (Cache.Rd:1515): Warning: <h5> anchor "Returns" already defined Cache.html:1563:1 (Cache.Rd:1518): Warning: <h5> anchor "Examples" already defined Cache.html:1590:1 (Cache.Rd:1540): Warning: <h5> anchor "Usage" already defined Cache.html:1596:1 (Cache.Rd:1544): Warning: <h5> anchor "Arguments" already defined Flavor: r-devel-linux-x86_64-debian-gcc