Last updated on 2025-10-21 01:48:32 CEST.
Flavor | Version | Tinstall | Tcheck | Ttotal | Status | Flags |
---|---|---|---|---|---|---|
r-devel-linux-x86_64-debian-clang | 0.10.2 | 2.82 | 130.65 | 133.47 | OK | |
r-devel-linux-x86_64-debian-gcc | 0.10.2 | 2.13 | 98.62 | 100.75 | NOTE | |
r-devel-linux-x86_64-fedora-clang | 0.10.2 | 218.14 | OK | |||
r-devel-linux-x86_64-fedora-gcc | 0.10.2 | 223.35 | OK | |||
r-devel-windows-x86_64 | 0.10.2 | 4.00 | 129.00 | 133.00 | OK | |
r-patched-linux-x86_64 | 0.10.2 | 2.93 | 126.72 | 129.65 | OK | |
r-release-linux-x86_64 | 0.10.2 | 2.83 | 127.08 | 129.91 | OK | |
r-release-macos-arm64 | 0.10.2 | 105.00 | OK | |||
r-release-macos-x86_64 | 0.10.2 | 128.00 | OK | |||
r-release-windows-x86_64 | 0.10.2 | 5.00 | 130.00 | 135.00 | OK | |
r-oldrel-macos-arm64 | 0.10.2 | 76.00 | OK | |||
r-oldrel-macos-x86_64 | 0.10.2 | 131.00 | OK | |||
r-oldrel-windows-x86_64 | 0.10.2 | 6.00 | 160.00 | 166.00 | OK |
Version: 0.10.2
Check: HTML version of manual
Result: NOTE
Found the following HTML validation problems:
CallrFutureError.html:46:1 (CallrFutureError.Rd:10): Warning: missing </ul> before </div>
print.CallrFuture.html:51:1 (print.CallrFuture.Rd:12): Warning: missing </ul> before </div>
Flavor: r-devel-linux-x86_64-debian-gcc