Last updated on 2025-10-26 01:49:51 CEST.
| Flavor | Version | Tinstall | Tcheck | Ttotal | Status | Flags |
|---|---|---|---|---|---|---|
| r-devel-linux-x86_64-debian-clang | 0.2 | 3.49 | 32.60 | 36.09 | NOTE | |
| r-devel-linux-x86_64-debian-gcc | 0.2 | 2.69 | 24.94 | 27.63 | NOTE | |
| r-devel-linux-x86_64-fedora-clang | 0.2 | 54.16 | OK | |||
| r-devel-linux-x86_64-fedora-gcc | 0.2 | 50.97 | OK | |||
| r-devel-windows-x86_64 | 0.2 | 5.00 | 50.00 | 55.00 | OK | |
| r-patched-linux-x86_64 | 0.2 | 2.85 | 30.80 | 33.65 | OK | |
| r-release-linux-x86_64 | 0.2 | 4.01 | 30.91 | 34.92 | OK | |
| r-release-macos-arm64 | 0.2 | 2.00 | 23.00 | 25.00 | OK | |
| r-release-macos-x86_64 | 0.2 | 3.00 | 31.00 | 34.00 | OK | |
| r-release-windows-x86_64 | 0.2 | 5.00 | 52.00 | 57.00 | OK | |
| r-oldrel-macos-arm64 | 0.2 | 2.00 | 18.00 | 20.00 | OK | |
| r-oldrel-macos-x86_64 | 0.2 | 3.00 | 26.00 | 29.00 | OK | |
| r-oldrel-windows-x86_64 | 0.2 | 6.00 | 59.00 | 65.00 | OK |
Version: 0.2
Check: CRAN incoming feasibility
Result: NOTE
Maintainer: ‘Hao Chen <hxchen@ucdavis.edu>’
No Authors@R field in DESCRIPTION.
Please add one, modifying
Authors@R: c(person(given = "Hao",
family = "Chen",
role = c("aut", "cre"),
email = "hxchen@ucdavis.edu"),
person(given = "Jingru",
family = "Zhang",
role = "aut"))
as necessary.
Flavors: r-devel-linux-x86_64-debian-clang, r-devel-linux-x86_64-debian-gcc