Last updated on 2025-10-21 01:48:33 CEST.
Flavor | Version | Tinstall | Tcheck | Ttotal | Status | Flags |
---|---|---|---|---|---|---|
r-devel-linux-x86_64-debian-clang | 1.0-10 | 10.31 | 57.07 | 67.38 | OK | |
r-devel-linux-x86_64-debian-gcc | 1.0-10 | 6.65 | 39.81 | 46.46 | NOTE | |
r-devel-linux-x86_64-fedora-clang | 1.0-10 | 99.04 | OK | |||
r-devel-linux-x86_64-fedora-gcc | 1.0-10 | 92.76 | OK | |||
r-devel-windows-x86_64 | 1.0-10 | 9.00 | 83.00 | 92.00 | OK | |
r-patched-linux-x86_64 | 1.0-10 | 10.53 | 52.98 | 63.51 | OK | |
r-release-linux-x86_64 | 1.0-10 | 8.94 | 53.56 | 62.50 | OK | |
r-release-macos-arm64 | 1.0-10 | 30.00 | OK | |||
r-release-macos-x86_64 | 1.0-10 | 58.00 | OK | |||
r-release-windows-x86_64 | 1.0-10 | 14.00 | 82.00 | 96.00 | OK | |
r-oldrel-macos-arm64 | 1.0-10 | 31.00 | OK | |||
r-oldrel-macos-x86_64 | 1.0-10 | 68.00 | OK | |||
r-oldrel-windows-x86_64 | 1.0-10 | 13.00 | 85.00 | 98.00 | OK |
Version: 1.0-10
Check: HTML version of manual
Result: NOTE
Found the following HTML validation problems:
XXX.html:46:1 (XXX.Rd:10): Warning: missing </ul> before </div>
add.html:88:1 (add.Rd:39): Warning: missing </ul> before </div>
check_deprecated.html:50:1 (check_deprecated.Rd:12): Warning: missing </ul> before </div>
dispose.html:54:1 (dispose.Rd:15): Warning: missing </ul> before </div>
editable.html:62:1 (editable.Rd:23): Warning: missing </ul> before </div>
focus.html:61:1 (focus.Rd:21): Warning: missing </ul> before </div>
font.html:84:1 (font.Rd:47): Warning: missing </ul> before </div>
gWidgets2-undocumented.html:59:1 (gWidgets2-undocumented.Rd:16): Warning: missing </ul> before </div>
gcontainer.html:61:1 (gcontainer.Rd:21): Warning: missing </ul> before </div>
gdfnotebook.html:62:1 (gdfnotebook.Rd:19): Warning: missing </ul> before </div>
getToolkitWidget.html:72:1 (getToolkitWidget.Rd:34): Warning: missing </ul> before </div>
ggraphicsnotebook.html:95:1 (ggraphicsnotebook.Rd:46): Warning: missing </ul> before </div>
gimage.html:102:1 (gimage.Rd:49): Warning: missing </ul> before </div>
gmenu.html:149:1 (gmenu.Rd:74): Warning: missing </ul> before </div>
gtoolbar.html:133:1 (gtoolbar.Rd:66): Warning: missing </ul> before </div>
gwidget.html:97:1 (gwidget.Rd:53): Warning: missing </ul> before </div>
isExtant.html:49:1 (isExtant.Rd:13): Warning: missing </ul> before </div>
methods.html:67:1 (methods.Rd:21): Warning: missing </ul> before </div>
observer.html:55:1 (observer.Rd:15): Warning: missing </ul> before </div>
redo.html:53:1 (redo.Rd:15): Warning: missing </ul> before </div>
short_summary.html:91:1 (short_summary.Rd:37): Warning: missing </ul> before </div>
size.html:57:1 (size.Rd:21): Warning: missing </ul> before </div>
tag.html:64:1 (tag.Rd:23): Warning: missing </ul> before </div>
tooltip.html:63:1 (tooltip.Rd:21): Warning: missing </ul> before </div>
undo.html:53:1 (undo.Rd:15): Warning: missing </ul> before </div>
visible.html:64:1 (visible.Rd:23): Warning: missing </ul> before </div>
Flavor: r-devel-linux-x86_64-debian-gcc