Last updated on 2025-10-26 01:49:49 CEST.
| Flavor | Version | Tinstall | Tcheck | Ttotal | Status | Flags |
|---|---|---|---|---|---|---|
| r-devel-linux-x86_64-debian-clang | 2.0-3 | 83.03 | 46.36 | 129.39 | OK | |
| r-devel-linux-x86_64-debian-gcc | 2.0-3 | 51.62 | 34.38 | 86.00 | OK | |
| r-devel-linux-x86_64-fedora-clang | 2.0-3 | 190.00 | 62.07 | 252.07 | OK | |
| r-devel-linux-x86_64-fedora-gcc | 2.0-3 | 103.00 | 120.99 | 223.99 | OK | |
| r-devel-windows-x86_64 | 2.0-3 | 91.00 | 85.00 | 176.00 | OK | |
| r-patched-linux-x86_64 | 2.0-3 | 76.96 | 44.07 | 121.03 | OK | |
| r-release-linux-x86_64 | 2.0-3 | 78.64 | 44.51 | 123.15 | OK | |
| r-release-macos-arm64 | 2.0-3 | 33.00 | 41.00 | 74.00 | OK | |
| r-release-macos-x86_64 | 2.0-3 | 29.00 | 92.00 | 121.00 | OK | |
| r-release-windows-x86_64 | 2.0-3 | 96.00 | 92.00 | 188.00 | OK | |
| r-oldrel-macos-arm64 | 2.0-3 | 27.00 | 58.00 | 85.00 | NOTE | |
| r-oldrel-macos-x86_64 | 2.0-3 | 24.00 | 63.00 | 87.00 | NOTE | |
| r-oldrel-windows-x86_64 | 2.0-3 | 109.00 | 102.00 | 211.00 | OK |
Version: 2.0-3
Check: installed package size
Result: NOTE
installed size is 6.0Mb
sub-directories of 1Mb or more:
libs 5.0Mb
Flavors: r-oldrel-macos-arm64, r-oldrel-macos-x86_64