Last updated on 2025-10-22 01:51:25 CEST.
Flavor | Version | Tinstall | Tcheck | Ttotal | Status | Flags |
---|---|---|---|---|---|---|
r-devel-linux-x86_64-debian-clang | 2.2.1 | 164.06 | 201.65 | 365.71 | OK | |
r-devel-linux-x86_64-debian-gcc | 2.2.1 | 126.37 | 135.41 | 261.78 | OK | |
r-devel-linux-x86_64-fedora-clang | 2.2.1 | 339.00 | 378.10 | 717.10 | OK | |
r-devel-linux-x86_64-fedora-gcc | 2.2.1 | 213.00 | 439.03 | 652.03 | OK | |
r-devel-windows-x86_64 | 2.2.1 | 200.00 | 772.00 | 972.00 | OK | |
r-patched-linux-x86_64 | 2.2.1 | 185.83 | 192.40 | 378.23 | OK | |
r-release-linux-x86_64 | 2.2.1 | 177.28 | 190.14 | 367.42 | OK | |
r-release-macos-arm64 | 2.2.1 | 73.00 | 83.00 | 156.00 | OK | |
r-release-macos-x86_64 | 2.2.1 | 81.00 | 167.00 | 248.00 | OK | |
r-release-windows-x86_64 | 2.2.1 | 200.00 | 783.00 | 983.00 | OK | |
r-oldrel-macos-arm64 | 2.2.1 | 68.00 | 80.00 | 148.00 | NOTE | |
r-oldrel-macos-x86_64 | 2.2.1 | 85.00 | 195.00 | 280.00 | NOTE | |
r-oldrel-windows-x86_64 | 2.2.1 | 240.00 | 1016.00 | 1256.00 | NOTE |
Version: 2.2.1
Check: installed package size
Result: NOTE
installed size is 77.8Mb
sub-directories of 1Mb or more:
extdata 2.0Mb
libs 73.8Mb
Flavors: r-oldrel-macos-arm64, r-oldrel-macos-x86_64, r-oldrel-windows-x86_64