Last updated on 2025-10-22 01:51:25 CEST.
Flavor | Version | Tinstall | Tcheck | Ttotal | Status | Flags |
---|---|---|---|---|---|---|
r-devel-linux-x86_64-debian-clang | 0.2.1 | 91.17 | 70.59 | 161.76 | OK | |
r-devel-linux-x86_64-debian-gcc | 0.2.1 | 61.96 | 49.87 | 111.83 | OK | |
r-devel-linux-x86_64-fedora-clang | 0.2.1 | 227.00 | 74.19 | 301.19 | OK | |
r-devel-linux-x86_64-fedora-gcc | 0.2.1 | 124.00 | 174.09 | 298.09 | OK | |
r-devel-windows-x86_64 | 0.2.1 | 104.00 | 100.00 | 204.00 | OK | |
r-patched-linux-x86_64 | 0.2.1 | 92.04 | 65.05 | 157.09 | OK | |
r-release-linux-x86_64 | 0.2.1 | 93.52 | 64.93 | 158.45 | OK | |
r-release-macos-arm64 | 0.2.1 | 34.00 | 58.00 | 92.00 | OK | |
r-release-macos-x86_64 | 0.2.1 | 29.00 | 72.00 | 101.00 | OK | |
r-release-windows-x86_64 | 0.2.1 | 110.00 | 102.00 | 212.00 | OK | |
r-oldrel-macos-arm64 | 0.2.1 | 33.00 | 45.00 | 78.00 | NOTE | |
r-oldrel-macos-x86_64 | 0.2.1 | 32.00 | 70.00 | 102.00 | NOTE | |
r-oldrel-windows-x86_64 | 0.2.1 | 121.00 | 130.00 | 251.00 | OK |
Version: 0.2.1
Check: installed package size
Result: NOTE
installed size is 7.4Mb
sub-directories of 1Mb or more:
libs 6.1Mb
Flavors: r-oldrel-macos-arm64, r-oldrel-macos-x86_64