Last updated on 2025-11-25 02:50:25 CET.
| Flavor | Version | Tinstall | Tcheck | Ttotal | Status | Flags |
|---|---|---|---|---|---|---|
| r-devel-linux-x86_64-debian-clang | 0.3.4 | 31.39 | 285.35 | 316.74 | NOTE | |
| r-devel-linux-x86_64-debian-gcc | 0.3.4 | 21.42 | 179.05 | 200.47 | NOTE | |
| r-devel-linux-x86_64-fedora-clang | 0.3.4 | 79.00 | 426.33 | 505.33 | OK | |
| r-devel-linux-x86_64-fedora-gcc | 0.3.4 | 64.00 | 420.51 | 484.51 | OK | |
| r-devel-windows-x86_64 | 0.3.4 | 35.00 | 213.00 | 248.00 | OK | |
| r-patched-linux-x86_64 | 0.3.4 | 29.28 | 271.75 | 301.03 | OK | |
| r-release-linux-x86_64 | 0.3.4 | 31.64 | 269.54 | 301.18 | OK | |
| r-release-macos-arm64 | 0.3.4 | OK | ||||
| r-release-macos-x86_64 | 0.3.4 | 25.00 | 184.00 | 209.00 | OK | |
| r-release-windows-x86_64 | 0.3.4 | 33.00 | 209.00 | 242.00 | OK | |
| r-oldrel-macos-arm64 | 0.3.4 | OK | ||||
| r-oldrel-macos-x86_64 | 0.3.4 | 19.00 | 150.00 | 169.00 | OK | |
| r-oldrel-windows-x86_64 | 0.3.4 | 42.00 | 292.00 | 334.00 | OK |
Version: 0.3.4
Check: CRAN incoming feasibility
Result: NOTE
Maintainer: ‘Karsten Donnay <kdonnay@gmx.net>’
No Authors@R field in DESCRIPTION.
Please add one, modifying
Authors@R: c(person(given = "Karsten",
family = "Donnay",
role = c("aut", "cre"),
email = "kdonnay@gmx.net"),
person(given = c("Andrew", "M."),
family = "Linke",
role = "aut"))
as necessary.
Flavors: r-devel-linux-x86_64-debian-clang, r-devel-linux-x86_64-debian-gcc