Last updated on 2025-10-22 01:51:26 CEST.
Flavor | Version | Tinstall | Tcheck | Ttotal | Status | Flags |
---|---|---|---|---|---|---|
r-devel-linux-x86_64-debian-clang | 0.1.0 | 7.17 | 92.65 | 99.82 | NOTE | |
r-devel-linux-x86_64-debian-gcc | 0.1.0 | 4.85 | 62.65 | 67.50 | NOTE | |
r-devel-linux-x86_64-fedora-clang | 0.1.0 | 15.00 | 137.24 | 152.24 | OK | |
r-devel-linux-x86_64-fedora-gcc | 0.1.0 | 15.00 | 123.52 | 138.52 | OK | |
r-devel-windows-x86_64 | 0.1.0 | 9.00 | 92.00 | 101.00 | OK | |
r-patched-linux-x86_64 | 0.1.0 | 6.85 | 86.64 | 93.49 | OK | |
r-release-linux-x86_64 | 0.1.0 | 6.26 | 86.56 | 92.82 | OK | |
r-release-macos-arm64 | 0.1.0 | 3.00 | 41.00 | 44.00 | OK | |
r-release-macos-x86_64 | 0.1.0 | 5.00 | 69.00 | 74.00 | OK | |
r-release-windows-x86_64 | 0.1.0 | 10.00 | 94.00 | 104.00 | OK | |
r-oldrel-macos-arm64 | 0.1.0 | 2.00 | 35.00 | 37.00 | OK | |
r-oldrel-macos-x86_64 | 0.1.0 | 4.00 | 67.00 | 71.00 | OK | |
r-oldrel-windows-x86_64 | 0.1.0 | 12.00 | 126.00 | 138.00 | OK |
Version: 0.1.0
Check: HTML version of manual
Result: NOTE
Found the following HTML validation problems:
lazy_birdwatcher.html:57:1 (lazy_birdwatcher.Rd:17): Warning: missing </ul> before </div>
Flavors: r-devel-linux-x86_64-debian-clang, r-devel-linux-x86_64-debian-gcc