Last updated on 2025-11-20 02:49:15 CET.
| Flavor | Version | Tinstall | Tcheck | Ttotal | Status | Flags |
|---|---|---|---|---|---|---|
| r-devel-linux-x86_64-debian-clang | 0.7.2 | 4.91 | 76.86 | 81.77 | NOTE | |
| r-devel-linux-x86_64-debian-gcc | 0.7.2 | 4.19 | 57.23 | 61.42 | NOTE | |
| r-devel-linux-x86_64-fedora-clang | 0.7.2 | 33.00 | 93.34 | 126.34 | OK | |
| r-devel-linux-x86_64-fedora-gcc | 0.7.2 | 12.00 | 120.55 | 132.55 | OK | |
| r-devel-windows-x86_64 | 0.7.2 | 9.00 | 89.00 | 98.00 | NOTE | |
| r-patched-linux-x86_64 | 0.7.2 | 6.01 | 71.03 | 77.04 | NOTE | |
| r-release-linux-x86_64 | 0.7.2 | 5.20 | 71.01 | 76.21 | NOTE | |
| r-release-macos-arm64 | 0.7.2 | OK | ||||
| r-release-macos-x86_64 | 0.7.2 | 4.00 | 64.00 | 68.00 | OK | |
| r-release-windows-x86_64 | 0.7.2 | 7.00 | 88.00 | 95.00 | NOTE | |
| r-oldrel-macos-arm64 | 0.7.2 | OK | ||||
| r-oldrel-macos-x86_64 | 0.7.2 | 4.00 | 52.00 | 56.00 | OK | |
| r-oldrel-windows-x86_64 | 0.7.2 | 12.00 | 109.00 | 121.00 | OK |
Version: 0.7.2
Check: Rd cross-references
Result: NOTE
Found the following Rd file(s) with Rd \link{} targets missing package
anchors:
geom_quasirandom.Rd: geom_boxplot
Please provide package anchors for all Rd \link{} targets not in the
package itself and the base packages.
Flavors: r-devel-linux-x86_64-debian-clang, r-devel-linux-x86_64-debian-gcc, r-devel-windows-x86_64, r-patched-linux-x86_64, r-release-linux-x86_64, r-release-windows-x86_64